{"id":13594,"date":"2025-06-09T21:21:54","date_gmt":"2025-06-09T19:21:54","guid":{"rendered":"https:\/\/yardratshop.com\/?post_type=product&#038;p=13594"},"modified":"2025-12-19T00:42:33","modified_gmt":"2025-12-18T23:42:33","slug":"galaxias-studio-marvel-magneto","status":"publish","type":"product","link":"https:\/\/yardratshop.com\/eng\/product\/galaxias-studio-marvel-magneto\/","title":{"rendered":"Galaxias Studio &#8211; Marvel &#8211; Magneto"},"content":{"rendered":"","protected":false},"excerpt":{"rendered":"<p><strong><span style=\"color: #ba972d;\">\u00a1Producto disponible en stock bajo pedido!<br \/>\n<\/span><\/strong><\/p>\n<p><strong>Medidas:\u00a0<\/strong>H38 x W23 x D20cm<br \/>\n<strong>Material:\u00a0<\/strong>ABS+PVC<\/p>\n<p>\u00a1Primera de la colecci\u00f3n a los cuales le seguir\u00e1n otro superh\u00e9roes como Tormenta, Iron Man, C\u00edclope, Lobezno, Deadpool, Doctor Doom y muchos mas!<\/p>","protected":false},"featured_media":13602,"template":"","meta":[],"product_brand":[],"product_cat":[2798,161,159],"product_tag":[],"class_list":{"0":"post-13594","1":"product","2":"type-product","3":"status-publish","4":"has-post-thumbnail","6":"product_cat-magneto","7":"product_cat-marvel","8":"product_cat-super-heroes","9":"pa_altura-36-45cm","10":"pa_escala-1_8","11":"pa_estado-en-stock-china","12":"pa_estudio-galaxies-studio","13":"pa_tipo-estatua-con-licencia","15":"first","16":"outofstock","17":"purchasable","18":"product-type-simple"},"yoast_head":"<!-- This site is optimized with the Yoast SEO plugin v27.3 - https:\/\/yoast.com\/product\/yoast-seo-wordpress\/ -->\n<title>Magneto Estatua 1\/8 \u2013 Galaxias Studio | Figura Marvel con Licencia Oficial<\/title>\n<meta name=\"description\" content=\"Estatua de Magneto a escala 1\/8 de Galaxias Studio, fabricada en ABS+PVC con licencia oficial Marvel. Detallado dise\u00f1o de colecci\u00f3n, env\u00edo inmediato.\" \/>\n<meta name=\"robots\" content=\"index, follow, max-snippet:-1, max-image-preview:large, max-video-preview:-1\" \/>\n<link rel=\"canonical\" href=\"https:\/\/yardratshop.com\/eng\/product\/galaxias-studio-marvel-magneto\/\" \/>\n<meta property=\"og:locale\" content=\"en_US\" \/>\n<meta property=\"og:type\" content=\"article\" \/>\n<meta property=\"og:title\" content=\"Magneto Estatua 1\/8 \u2013 Galaxias Studio | Figura Marvel con Licencia Oficial\" \/>\n<meta property=\"og:description\" content=\"Estatua de Magneto a escala 1\/8 de Galaxias Studio, fabricada en ABS+PVC con licencia oficial Marvel. Detallado dise\u00f1o de colecci\u00f3n, env\u00edo inmediato.\" \/>\n<meta property=\"og:url\" content=\"https:\/\/yardratshop.com\/eng\/product\/galaxias-studio-marvel-magneto\/\" \/>\n<meta property=\"og:site_name\" content=\"Yardrat Shop\" \/>\n<meta property=\"article:modified_time\" content=\"2025-12-18T23:42:33+00:00\" \/>\n<meta property=\"og:image\" content=\"https:\/\/yardratshop.com\/wp-content\/uploads\/2025\/06\/magneto-galaxias-studio-estatua-marvel-1-8.jpg3_.jpg\" \/>\n\t<meta property=\"og:image:width\" content=\"720\" \/>\n\t<meta property=\"og:image:height\" content=\"1080\" \/>\n\t<meta property=\"og:image:type\" content=\"image\/jpeg\" \/>\n<meta name=\"twitter:card\" content=\"summary_large_image\" \/>\n<meta name=\"twitter:label1\" content=\"Est. reading time\" \/>\n\t<meta name=\"twitter:data1\" content=\"1 minute\" \/>\n<script type=\"application\/ld+json\" class=\"yoast-schema-graph\">{\"@context\":\"https:\\\/\\\/schema.org\",\"@graph\":[{\"@type\":\"WebPage\",\"@id\":\"https:\\\/\\\/yardratshop.com\\\/producto\\\/galaxias-studio-marvel-magneto\\\/\",\"url\":\"https:\\\/\\\/yardratshop.com\\\/producto\\\/galaxias-studio-marvel-magneto\\\/\",\"name\":\"Magneto Estatua 1\\\/8 \u2013 Galaxias Studio | Figura Marvel con Licencia Oficial\",\"isPartOf\":{\"@id\":\"https:\\\/\\\/yardratshop.com\\\/#website\"},\"primaryImageOfPage\":{\"@id\":\"https:\\\/\\\/yardratshop.com\\\/producto\\\/galaxias-studio-marvel-magneto\\\/#primaryimage\"},\"image\":{\"@id\":\"https:\\\/\\\/yardratshop.com\\\/producto\\\/galaxias-studio-marvel-magneto\\\/#primaryimage\"},\"thumbnailUrl\":\"https:\\\/\\\/yardratshop.com\\\/wp-content\\\/uploads\\\/2025\\\/06\\\/magneto-galaxias-studio-estatua-marvel-1-8.jpg3_.jpg\",\"datePublished\":\"2025-06-09T19:21:54+00:00\",\"dateModified\":\"2025-12-18T23:42:33+00:00\",\"description\":\"Estatua de Magneto a escala 1\\\/8 de Galaxias Studio, fabricada en ABS+PVC con licencia oficial Marvel. Detallado dise\u00f1o de colecci\u00f3n, env\u00edo inmediato.\",\"breadcrumb\":{\"@id\":\"https:\\\/\\\/yardratshop.com\\\/producto\\\/galaxias-studio-marvel-magneto\\\/#breadcrumb\"},\"inLanguage\":\"en-US\",\"potentialAction\":[{\"@type\":\"ReadAction\",\"target\":[\"https:\\\/\\\/yardratshop.com\\\/producto\\\/galaxias-studio-marvel-magneto\\\/\"]}]},{\"@type\":\"ImageObject\",\"inLanguage\":\"en-US\",\"@id\":\"https:\\\/\\\/yardratshop.com\\\/producto\\\/galaxias-studio-marvel-magneto\\\/#primaryimage\",\"url\":\"https:\\\/\\\/yardratshop.com\\\/wp-content\\\/uploads\\\/2025\\\/06\\\/magneto-galaxias-studio-estatua-marvel-1-8.jpg3_.jpg\",\"contentUrl\":\"https:\\\/\\\/yardratshop.com\\\/wp-content\\\/uploads\\\/2025\\\/06\\\/magneto-galaxias-studio-estatua-marvel-1-8.jpg3_.jpg\",\"width\":720,\"height\":1080,\"caption\":\"magneto galaxias studio estatua marvel 1 8.jpg3\"},{\"@type\":\"BreadcrumbList\",\"@id\":\"https:\\\/\\\/yardratshop.com\\\/producto\\\/galaxias-studio-marvel-magneto\\\/#breadcrumb\",\"itemListElement\":[{\"@type\":\"ListItem\",\"position\":1,\"name\":\"Portada\",\"item\":\"https:\\\/\\\/yardratshop.com\\\/\"},{\"@type\":\"ListItem\",\"position\":2,\"name\":\"Tienda\",\"item\":\"https:\\\/\\\/yardratshop.com\\\/tienda\\\/\"},{\"@type\":\"ListItem\",\"position\":3,\"name\":\"Galaxias Studio &#8211; Marvel &#8211; Magneto\"}]},{\"@type\":\"WebSite\",\"@id\":\"https:\\\/\\\/yardratshop.com\\\/#website\",\"url\":\"https:\\\/\\\/yardratshop.com\\\/\",\"name\":\"Yardrat Shop\",\"description\":\"Tu tienda exclusiva de figuras y estatuas\",\"potentialAction\":[{\"@type\":\"SearchAction\",\"target\":{\"@type\":\"EntryPoint\",\"urlTemplate\":\"https:\\\/\\\/yardratshop.com\\\/?s={search_term_string}\"},\"query-input\":{\"@type\":\"PropertyValueSpecification\",\"valueRequired\":true,\"valueName\":\"search_term_string\"}}],\"inLanguage\":\"en-US\"}]}<\/script>\n<!-- \/ Yoast SEO plugin. -->","yoast_head_json":{"title":"Magneto Estatua 1\/8 \u2013 Galaxias Studio | Figura Marvel con Licencia Oficial","description":"Estatua de Magneto a escala 1\/8 de Galaxias Studio, fabricada en ABS+PVC con licencia oficial Marvel. Detallado dise\u00f1o de colecci\u00f3n, env\u00edo inmediato.","robots":{"index":"index","follow":"follow","max-snippet":"max-snippet:-1","max-image-preview":"max-image-preview:large","max-video-preview":"max-video-preview:-1"},"canonical":"https:\/\/yardratshop.com\/eng\/product\/galaxias-studio-marvel-magneto\/","og_locale":"en_US","og_type":"article","og_title":"Magneto Estatua 1\/8 \u2013 Galaxias Studio | Figura Marvel con Licencia Oficial","og_description":"Estatua de Magneto a escala 1\/8 de Galaxias Studio, fabricada en ABS+PVC con licencia oficial Marvel. Detallado dise\u00f1o de colecci\u00f3n, env\u00edo inmediato.","og_url":"https:\/\/yardratshop.com\/eng\/product\/galaxias-studio-marvel-magneto\/","og_site_name":"Yardrat Shop","article_modified_time":"2025-12-18T23:42:33+00:00","og_image":[{"width":720,"height":1080,"url":"https:\/\/yardratshop.com\/wp-content\/uploads\/2025\/06\/magneto-galaxias-studio-estatua-marvel-1-8.jpg3_.jpg","type":"image\/jpeg"}],"twitter_card":"summary_large_image","twitter_misc":{"Est. reading time":"1 minute"},"schema":{"@context":"https:\/\/schema.org","@graph":[{"@type":"WebPage","@id":"https:\/\/yardratshop.com\/producto\/galaxias-studio-marvel-magneto\/","url":"https:\/\/yardratshop.com\/producto\/galaxias-studio-marvel-magneto\/","name":"Magneto Estatua 1\/8 \u2013 Galaxias Studio | Figura Marvel con Licencia Oficial","isPartOf":{"@id":"https:\/\/yardratshop.com\/#website"},"primaryImageOfPage":{"@id":"https:\/\/yardratshop.com\/producto\/galaxias-studio-marvel-magneto\/#primaryimage"},"image":{"@id":"https:\/\/yardratshop.com\/producto\/galaxias-studio-marvel-magneto\/#primaryimage"},"thumbnailUrl":"https:\/\/yardratshop.com\/wp-content\/uploads\/2025\/06\/magneto-galaxias-studio-estatua-marvel-1-8.jpg3_.jpg","datePublished":"2025-06-09T19:21:54+00:00","dateModified":"2025-12-18T23:42:33+00:00","description":"Estatua de Magneto a escala 1\/8 de Galaxias Studio, fabricada en ABS+PVC con licencia oficial Marvel. Detallado dise\u00f1o de colecci\u00f3n, env\u00edo inmediato.","breadcrumb":{"@id":"https:\/\/yardratshop.com\/producto\/galaxias-studio-marvel-magneto\/#breadcrumb"},"inLanguage":"en-US","potentialAction":[{"@type":"ReadAction","target":["https:\/\/yardratshop.com\/producto\/galaxias-studio-marvel-magneto\/"]}]},{"@type":"ImageObject","inLanguage":"en-US","@id":"https:\/\/yardratshop.com\/producto\/galaxias-studio-marvel-magneto\/#primaryimage","url":"https:\/\/yardratshop.com\/wp-content\/uploads\/2025\/06\/magneto-galaxias-studio-estatua-marvel-1-8.jpg3_.jpg","contentUrl":"https:\/\/yardratshop.com\/wp-content\/uploads\/2025\/06\/magneto-galaxias-studio-estatua-marvel-1-8.jpg3_.jpg","width":720,"height":1080,"caption":"magneto galaxias studio estatua marvel 1 8.jpg3"},{"@type":"BreadcrumbList","@id":"https:\/\/yardratshop.com\/producto\/galaxias-studio-marvel-magneto\/#breadcrumb","itemListElement":[{"@type":"ListItem","position":1,"name":"Portada","item":"https:\/\/yardratshop.com\/"},{"@type":"ListItem","position":2,"name":"Tienda","item":"https:\/\/yardratshop.com\/tienda\/"},{"@type":"ListItem","position":3,"name":"Galaxias Studio &#8211; Marvel &#8211; Magneto"}]},{"@type":"WebSite","@id":"https:\/\/yardratshop.com\/#website","url":"https:\/\/yardratshop.com\/","name":"Yardrat Shop","description":"Tu tienda exclusiva de figuras y estatuas","potentialAction":[{"@type":"SearchAction","target":{"@type":"EntryPoint","urlTemplate":"https:\/\/yardratshop.com\/?s={search_term_string}"},"query-input":{"@type":"PropertyValueSpecification","valueRequired":true,"valueName":"search_term_string"}}],"inLanguage":"en-US"}]}},"_links":{"self":[{"href":"https:\/\/yardratshop.com\/eng\/wp-json\/wp\/v2\/product\/13594","targetHints":{"allow":["GET"]}}],"collection":[{"href":"https:\/\/yardratshop.com\/eng\/wp-json\/wp\/v2\/product"}],"about":[{"href":"https:\/\/yardratshop.com\/eng\/wp-json\/wp\/v2\/types\/product"}],"version-history":[{"count":1,"href":"https:\/\/yardratshop.com\/eng\/wp-json\/wp\/v2\/product\/13594\/revisions"}],"predecessor-version":[{"id":13605,"href":"https:\/\/yardratshop.com\/eng\/wp-json\/wp\/v2\/product\/13594\/revisions\/13605"}],"wp:featuredmedia":[{"embeddable":true,"href":"https:\/\/yardratshop.com\/eng\/wp-json\/wp\/v2\/media\/13602"}],"wp:attachment":[{"href":"https:\/\/yardratshop.com\/eng\/wp-json\/wp\/v2\/media?parent=13594"}],"wp:term":[{"taxonomy":"product_brand","embeddable":true,"href":"https:\/\/yardratshop.com\/eng\/wp-json\/wp\/v2\/product_brand?post=13594"},{"taxonomy":"product_cat","embeddable":true,"href":"https:\/\/yardratshop.com\/eng\/wp-json\/wp\/v2\/product_cat?post=13594"},{"taxonomy":"product_tag","embeddable":true,"href":"https:\/\/yardratshop.com\/eng\/wp-json\/wp\/v2\/product_tag?post=13594"}],"curies":[{"name":"wp","href":"https:\/\/api.w.org\/{rel}","templated":true}]}}