{"id":18880,"date":"2025-07-29T11:55:49","date_gmt":"2025-07-29T09:55:49","guid":{"rendered":"https:\/\/yardratshop.com\/?post_type=product&#038;p=18880"},"modified":"2025-12-19T00:40:44","modified_gmt":"2025-12-18T23:40:44","slug":"inart-collectibles-king-of-pop-michael-jackson-smooth-criminal","status":"publish","type":"product","link":"https:\/\/yardratshop.com\/eng\/product\/inart-collectibles-king-of-pop-michael-jackson-smooth-criminal\/","title":{"rendered":"InArt Collectibles &#8211; King of POP &#8211; Michael Jackson Smooth Criminal"},"content":{"rendered":"","protected":false},"excerpt":{"rendered":"<p><strong>Medidas: <\/strong>H34 x W15 x D15cm<br \/>\n<strong>Material: <\/strong><span style=\"font-family: SuisseIntlTrial-Book, sans-serif;font-size: 16px;font-style: normal;font-weight: 400;letter-spacing: normal;text-align: left;text-indent: 0px;text-transform: none;text-decoration: none;float: none\">PVC, ABS, POK, Genuine Fabric, Die-cast, Wool, etc.<br \/>\n<\/span><strong>Fecha de entrega: <\/strong>Q3 2026<br \/>\n<strong>Fecha limite de reserva: <\/strong>27 de Agosto<\/p>\n<p><strong><span style=\"color: #ffcc00\">Los pedidos pagados completos entran en la primera remesa.<\/span><\/strong><\/p>\n<p data-start=\"73\" data-end=\"92\"><strong data-start=\"73\" data-end=\"92\">Cabeza y cuerpo<\/strong><\/p>\n<ul data-start=\"93\" data-end=\"196\">\n<li data-start=\"93\" data-end=\"160\">\n<p data-start=\"95\" data-end=\"160\">Escultura de cabeza con cabello injertado y ojos articulados \u00d71<\/p>\n<\/li>\n<li data-start=\"161\" data-end=\"196\">\n<p data-start=\"163\" data-end=\"196\">Cuerpo totalmente articulado \u00d71<\/p>\n<\/li>\n<\/ul>\n<p data-start=\"198\" data-end=\"252\"><strong data-start=\"198\" data-end=\"250\">Manos intercambiables (10 en total), incluyendo:<\/strong><\/p>\n<ul data-start=\"253\" data-end=\"478\">\n<li data-start=\"253\" data-end=\"279\">\n<p data-start=\"255\" data-end=\"279\">Manos relajadas \u00d71 par<\/p>\n<\/li>\n<li data-start=\"280\" data-end=\"301\">\n<p data-start=\"282\" data-end=\"301\">Pu\u00f1o izquierdo \u00d71<\/p>\n<\/li>\n<li data-start=\"302\" data-end=\"342\">\n<p data-start=\"304\" data-end=\"342\">Manos para sostener micr\u00f3fono \u00d71 par<\/p>\n<\/li>\n<li data-start=\"343\" data-end=\"368\">\n<p data-start=\"345\" data-end=\"368\">Manos abiertas \u00d71 par<\/p>\n<\/li>\n<li data-start=\"369\" data-end=\"405\">\n<p data-start=\"371\" data-end=\"405\">Mano derecha en pose de baile \u00d71<\/p>\n<\/li>\n<li data-start=\"406\" data-end=\"435\">\n<p data-start=\"408\" data-end=\"435\">Mano derecha se\u00f1alando \u00d71<\/p>\n<\/li>\n<li data-start=\"436\" data-end=\"478\">\n<p data-start=\"438\" data-end=\"478\">Mano derecha para sostener sombrero \u00d71<\/p>\n<\/li>\n<\/ul>\n<p data-start=\"480\" data-end=\"490\"><strong data-start=\"480\" data-end=\"488\">Ropa<\/strong><\/p>\n<ul data-start=\"491\" data-end=\"549\">\n<li data-start=\"491\" data-end=\"521\">\n<p data-start=\"493\" data-end=\"521\">Traje completo \u00d71 conjunto<\/p>\n<\/li>\n<li data-start=\"522\" data-end=\"549\">\n<p data-start=\"524\" data-end=\"549\">Zapatos de cuero \u00d71 par<\/p>\n<\/li>\n<\/ul>\n<p data-start=\"551\" data-end=\"567\"><strong data-start=\"551\" data-end=\"565\">Accesorios<\/strong><\/p>\n<ul data-start=\"568\" data-end=\"584\">\n<li data-start=\"568\" data-end=\"584\">\n<p data-start=\"570\" data-end=\"584\">Micr\u00f3fono \u00d71<\/p>\n<\/li>\n<\/ul>\n<p data-start=\"586\" data-end=\"596\"><strong data-start=\"586\" data-end=\"594\">Base<\/strong><\/p>\n<ul data-start=\"597\" data-end=\"608\">\n<li data-start=\"597\" data-end=\"608\">\n<p data-start=\"599\" data-end=\"608\">Base \u00d71<\/p>\n<\/li>\n<\/ul>\n<p data-start=\"610\" data-end=\"634\"><strong data-start=\"610\" data-end=\"632\">Caja de exhibici\u00f3n<\/strong><\/p>\n<ul data-start=\"635\" data-end=\"694\">\n<li data-start=\"635\" data-end=\"694\">\n<p data-start=\"637\" data-end=\"694\">Caja de exhibici\u00f3n para cabeza con cabello injertado \u00d71<\/p>\n<\/li>\n<\/ul>","protected":false},"featured_media":18884,"template":"","meta":[],"product_brand":[],"product_cat":[2989,2990],"product_tag":[],"class_list":{"0":"post-18880","1":"product","2":"type-product","3":"status-publish","4":"has-post-thumbnail","6":"product_cat-iconic-characters","7":"product_cat-michael-jackson","8":"pa_altura-26-35cm","9":"pa_escala-escala_1_6","10":"pa_estado-preorder","11":"pa_estudio-inart","12":"pa_tipo-figura-articulada","14":"first","15":"outofstock","16":"purchasable","17":"product-type-simple"},"yoast_head":"<!-- This site is optimized with the Yoast SEO plugin v27.6 - https:\/\/yoast.com\/product\/yoast-seo-wordpress\/ -->\n<title>InArt Michael Jackson Smooth Criminal 1\/6 - Figura Articulada Coleccionable<\/title>\n<meta name=\"description\" content=\"Descubre la figura articulada 1\/6 de Michael Jackson en su ic\u00f3nica versi\u00f3n Smooth Criminal por InArt Collectibles. Detalles premium, m\u00faltiples accesorios y fidelidad al Rey del Pop.\" \/>\n<meta name=\"robots\" content=\"index, follow, max-snippet:-1, max-image-preview:large, max-video-preview:-1\" \/>\n<link rel=\"canonical\" href=\"https:\/\/yardratshop.com\/eng\/product\/inart-collectibles-king-of-pop-michael-jackson-smooth-criminal\/\" \/>\n<meta property=\"og:locale\" content=\"en_US\" \/>\n<meta property=\"og:type\" content=\"article\" \/>\n<meta property=\"og:title\" content=\"InArt Michael Jackson Smooth Criminal 1\/6 - Figura Articulada Coleccionable\" \/>\n<meta property=\"og:description\" content=\"Descubre la figura articulada 1\/6 de Michael Jackson en su ic\u00f3nica versi\u00f3n Smooth Criminal por InArt Collectibles. Detalles premium, m\u00faltiples accesorios y fidelidad al Rey del Pop.\" \/>\n<meta property=\"og:url\" content=\"https:\/\/yardratshop.com\/eng\/product\/inart-collectibles-king-of-pop-michael-jackson-smooth-criminal\/\" \/>\n<meta property=\"og:site_name\" content=\"Yardrat Shop\" \/>\n<meta property=\"article:modified_time\" content=\"2025-12-18T23:40:44+00:00\" \/>\n<meta property=\"og:image\" content=\"https:\/\/yardratshop.com\/wp-content\/uploads\/2025\/07\/inart-michael-jackson-smooth-criminal-figura-1-64.jpg\" \/>\n\t<meta property=\"og:image:width\" content=\"1600\" \/>\n\t<meta property=\"og:image:height\" content=\"2000\" \/>\n\t<meta property=\"og:image:type\" content=\"image\/jpeg\" \/>\n<meta name=\"twitter:card\" content=\"summary_large_image\" \/>\n<meta name=\"twitter:label1\" content=\"Est. reading time\" \/>\n\t<meta name=\"twitter:data1\" content=\"1 minute\" \/>\n<script type=\"application\/ld+json\" class=\"yoast-schema-graph\">{\"@context\":\"https:\\\/\\\/schema.org\",\"@graph\":[{\"@type\":\"WebPage\",\"@id\":\"https:\\\/\\\/yardratshop.com\\\/producto\\\/inart-collectibles-king-of-pop-michael-jackson-smooth-criminal\\\/\",\"url\":\"https:\\\/\\\/yardratshop.com\\\/producto\\\/inart-collectibles-king-of-pop-michael-jackson-smooth-criminal\\\/\",\"name\":\"InArt Michael Jackson Smooth Criminal 1\\\/6 - Figura Articulada Coleccionable\",\"isPartOf\":{\"@id\":\"https:\\\/\\\/yardratshop.com\\\/#website\"},\"primaryImageOfPage\":{\"@id\":\"https:\\\/\\\/yardratshop.com\\\/producto\\\/inart-collectibles-king-of-pop-michael-jackson-smooth-criminal\\\/#primaryimage\"},\"image\":{\"@id\":\"https:\\\/\\\/yardratshop.com\\\/producto\\\/inart-collectibles-king-of-pop-michael-jackson-smooth-criminal\\\/#primaryimage\"},\"thumbnailUrl\":\"https:\\\/\\\/yardratshop.com\\\/wp-content\\\/uploads\\\/2025\\\/07\\\/inart-michael-jackson-smooth-criminal-figura-1-64.jpg\",\"datePublished\":\"2025-07-29T09:55:49+00:00\",\"dateModified\":\"2025-12-18T23:40:44+00:00\",\"description\":\"Descubre la figura articulada 1\\\/6 de Michael Jackson en su ic\u00f3nica versi\u00f3n Smooth Criminal por InArt Collectibles. Detalles premium, m\u00faltiples accesorios y fidelidad al Rey del Pop.\",\"breadcrumb\":{\"@id\":\"https:\\\/\\\/yardratshop.com\\\/producto\\\/inart-collectibles-king-of-pop-michael-jackson-smooth-criminal\\\/#breadcrumb\"},\"inLanguage\":\"en-US\",\"potentialAction\":[{\"@type\":\"ReadAction\",\"target\":[\"https:\\\/\\\/yardratshop.com\\\/producto\\\/inart-collectibles-king-of-pop-michael-jackson-smooth-criminal\\\/\"]}]},{\"@type\":\"ImageObject\",\"inLanguage\":\"en-US\",\"@id\":\"https:\\\/\\\/yardratshop.com\\\/producto\\\/inart-collectibles-king-of-pop-michael-jackson-smooth-criminal\\\/#primaryimage\",\"url\":\"https:\\\/\\\/yardratshop.com\\\/wp-content\\\/uploads\\\/2025\\\/07\\\/inart-michael-jackson-smooth-criminal-figura-1-64.jpg\",\"contentUrl\":\"https:\\\/\\\/yardratshop.com\\\/wp-content\\\/uploads\\\/2025\\\/07\\\/inart-michael-jackson-smooth-criminal-figura-1-64.jpg\",\"width\":1600,\"height\":2000,\"caption\":\"inart michael jackson smooth criminal figura 1 64\"},{\"@type\":\"BreadcrumbList\",\"@id\":\"https:\\\/\\\/yardratshop.com\\\/producto\\\/inart-collectibles-king-of-pop-michael-jackson-smooth-criminal\\\/#breadcrumb\",\"itemListElement\":[{\"@type\":\"ListItem\",\"position\":1,\"name\":\"Portada\",\"item\":\"https:\\\/\\\/yardratshop.com\\\/\"},{\"@type\":\"ListItem\",\"position\":2,\"name\":\"Tienda\",\"item\":\"https:\\\/\\\/yardratshop.com\\\/tienda\\\/\"},{\"@type\":\"ListItem\",\"position\":3,\"name\":\"InArt Collectibles &#8211; King of POP &#8211; Michael Jackson Smooth Criminal\"}]},{\"@type\":\"WebSite\",\"@id\":\"https:\\\/\\\/yardratshop.com\\\/#website\",\"url\":\"https:\\\/\\\/yardratshop.com\\\/\",\"name\":\"Yardrat Shop\",\"description\":\"Tu tienda exclusiva de figuras y estatuas\",\"potentialAction\":[{\"@type\":\"SearchAction\",\"target\":{\"@type\":\"EntryPoint\",\"urlTemplate\":\"https:\\\/\\\/yardratshop.com\\\/?s={search_term_string}\"},\"query-input\":{\"@type\":\"PropertyValueSpecification\",\"valueRequired\":true,\"valueName\":\"search_term_string\"}}],\"inLanguage\":\"en-US\"}]}<\/script>\n<!-- \/ Yoast SEO plugin. -->","yoast_head_json":{"title":"InArt Michael Jackson Smooth Criminal 1\/6 - Figura Articulada Coleccionable","description":"Descubre la figura articulada 1\/6 de Michael Jackson en su ic\u00f3nica versi\u00f3n Smooth Criminal por InArt Collectibles. Detalles premium, m\u00faltiples accesorios y fidelidad al Rey del Pop.","robots":{"index":"index","follow":"follow","max-snippet":"max-snippet:-1","max-image-preview":"max-image-preview:large","max-video-preview":"max-video-preview:-1"},"canonical":"https:\/\/yardratshop.com\/eng\/product\/inart-collectibles-king-of-pop-michael-jackson-smooth-criminal\/","og_locale":"en_US","og_type":"article","og_title":"InArt Michael Jackson Smooth Criminal 1\/6 - Figura Articulada Coleccionable","og_description":"Descubre la figura articulada 1\/6 de Michael Jackson en su ic\u00f3nica versi\u00f3n Smooth Criminal por InArt Collectibles. Detalles premium, m\u00faltiples accesorios y fidelidad al Rey del Pop.","og_url":"https:\/\/yardratshop.com\/eng\/product\/inart-collectibles-king-of-pop-michael-jackson-smooth-criminal\/","og_site_name":"Yardrat Shop","article_modified_time":"2025-12-18T23:40:44+00:00","og_image":[{"width":1600,"height":2000,"url":"https:\/\/yardratshop.com\/wp-content\/uploads\/2025\/07\/inart-michael-jackson-smooth-criminal-figura-1-64.jpg","type":"image\/jpeg"}],"twitter_card":"summary_large_image","twitter_misc":{"Est. reading time":"1 minute"},"schema":{"@context":"https:\/\/schema.org","@graph":[{"@type":"WebPage","@id":"https:\/\/yardratshop.com\/producto\/inart-collectibles-king-of-pop-michael-jackson-smooth-criminal\/","url":"https:\/\/yardratshop.com\/producto\/inart-collectibles-king-of-pop-michael-jackson-smooth-criminal\/","name":"InArt Michael Jackson Smooth Criminal 1\/6 - Figura Articulada Coleccionable","isPartOf":{"@id":"https:\/\/yardratshop.com\/#website"},"primaryImageOfPage":{"@id":"https:\/\/yardratshop.com\/producto\/inart-collectibles-king-of-pop-michael-jackson-smooth-criminal\/#primaryimage"},"image":{"@id":"https:\/\/yardratshop.com\/producto\/inart-collectibles-king-of-pop-michael-jackson-smooth-criminal\/#primaryimage"},"thumbnailUrl":"https:\/\/yardratshop.com\/wp-content\/uploads\/2025\/07\/inart-michael-jackson-smooth-criminal-figura-1-64.jpg","datePublished":"2025-07-29T09:55:49+00:00","dateModified":"2025-12-18T23:40:44+00:00","description":"Descubre la figura articulada 1\/6 de Michael Jackson en su ic\u00f3nica versi\u00f3n Smooth Criminal por InArt Collectibles. Detalles premium, m\u00faltiples accesorios y fidelidad al Rey del Pop.","breadcrumb":{"@id":"https:\/\/yardratshop.com\/producto\/inart-collectibles-king-of-pop-michael-jackson-smooth-criminal\/#breadcrumb"},"inLanguage":"en-US","potentialAction":[{"@type":"ReadAction","target":["https:\/\/yardratshop.com\/producto\/inart-collectibles-king-of-pop-michael-jackson-smooth-criminal\/"]}]},{"@type":"ImageObject","inLanguage":"en-US","@id":"https:\/\/yardratshop.com\/producto\/inart-collectibles-king-of-pop-michael-jackson-smooth-criminal\/#primaryimage","url":"https:\/\/yardratshop.com\/wp-content\/uploads\/2025\/07\/inart-michael-jackson-smooth-criminal-figura-1-64.jpg","contentUrl":"https:\/\/yardratshop.com\/wp-content\/uploads\/2025\/07\/inart-michael-jackson-smooth-criminal-figura-1-64.jpg","width":1600,"height":2000,"caption":"inart michael jackson smooth criminal figura 1 64"},{"@type":"BreadcrumbList","@id":"https:\/\/yardratshop.com\/producto\/inart-collectibles-king-of-pop-michael-jackson-smooth-criminal\/#breadcrumb","itemListElement":[{"@type":"ListItem","position":1,"name":"Portada","item":"https:\/\/yardratshop.com\/"},{"@type":"ListItem","position":2,"name":"Tienda","item":"https:\/\/yardratshop.com\/tienda\/"},{"@type":"ListItem","position":3,"name":"InArt Collectibles &#8211; King of POP &#8211; Michael Jackson Smooth Criminal"}]},{"@type":"WebSite","@id":"https:\/\/yardratshop.com\/#website","url":"https:\/\/yardratshop.com\/","name":"Yardrat Shop","description":"Tu tienda exclusiva de figuras y estatuas","potentialAction":[{"@type":"SearchAction","target":{"@type":"EntryPoint","urlTemplate":"https:\/\/yardratshop.com\/?s={search_term_string}"},"query-input":{"@type":"PropertyValueSpecification","valueRequired":true,"valueName":"search_term_string"}}],"inLanguage":"en-US"}]}},"_links":{"self":[{"href":"https:\/\/yardratshop.com\/eng\/wp-json\/wp\/v2\/product\/18880","targetHints":{"allow":["GET"]}}],"collection":[{"href":"https:\/\/yardratshop.com\/eng\/wp-json\/wp\/v2\/product"}],"about":[{"href":"https:\/\/yardratshop.com\/eng\/wp-json\/wp\/v2\/types\/product"}],"version-history":[{"count":2,"href":"https:\/\/yardratshop.com\/eng\/wp-json\/wp\/v2\/product\/18880\/revisions"}],"predecessor-version":[{"id":18968,"href":"https:\/\/yardratshop.com\/eng\/wp-json\/wp\/v2\/product\/18880\/revisions\/18968"}],"wp:featuredmedia":[{"embeddable":true,"href":"https:\/\/yardratshop.com\/eng\/wp-json\/wp\/v2\/media\/18884"}],"wp:attachment":[{"href":"https:\/\/yardratshop.com\/eng\/wp-json\/wp\/v2\/media?parent=18880"}],"wp:term":[{"taxonomy":"product_brand","embeddable":true,"href":"https:\/\/yardratshop.com\/eng\/wp-json\/wp\/v2\/product_brand?post=18880"},{"taxonomy":"product_cat","embeddable":true,"href":"https:\/\/yardratshop.com\/eng\/wp-json\/wp\/v2\/product_cat?post=18880"},{"taxonomy":"product_tag","embeddable":true,"href":"https:\/\/yardratshop.com\/eng\/wp-json\/wp\/v2\/product_tag?post=18880"}],"curies":[{"name":"wp","href":"https:\/\/api.w.org\/{rel}","templated":true}]}}