{"id":3805,"date":"2025-03-14T14:37:42","date_gmt":"2025-03-14T13:37:42","guid":{"rendered":"https:\/\/yardratshop.com\/?post_type=product&#038;p=3805"},"modified":"2025-12-19T00:44:54","modified_gmt":"2025-12-18T23:44:54","slug":"wawa-studio-dandadan-ken-takakura","status":"publish","type":"product","link":"https:\/\/yardratshop.com\/eng\/product\/wawa-studio-dandadan-ken-takakura\/","title":{"rendered":"Wawa Studio &#8211; DanDaDan &#8211; Ken Takakura"},"content":{"rendered":"","protected":false},"excerpt":{"rendered":"<p>Medidas: H24 x W38 x D19cm<\/p>\n<p>Fecha de entrega: Q2 2025<\/p>","protected":false},"featured_media":4010,"template":"","meta":[],"product_brand":[],"product_cat":[139,80,181],"product_tag":[100,254,270],"class_list":{"0":"post-3805","1":"product","2":"type-product","3":"status-publish","4":"has-post-thumbnail","6":"product_cat-dan-da-dan","7":"product_cat-anime","8":"product_cat-okarun","9":"product_tag-anime","10":"product_tag-dandadan","11":"product_tag-ken-takakura","12":"pa_altura-36-45cm","13":"pa_escala-escala_1_6","14":"pa_estudio-wawa-studio","15":"pa_tipo-estatua-de-resina","17":"first","18":"outofstock","19":"purchasable","20":"product-type-simple"},"yoast_head":"<!-- This site is optimized with the Yoast SEO plugin v27.3 - https:\/\/yoast.com\/product\/yoast-seo-wordpress\/ -->\n<title>Wawa Studio - DanDaDan - Ken Takakura - Yardrat Shop<\/title>\n<meta name=\"description\" content=\"Estatua de resina de Okarun de *Dan da Dan*, detallada y perfecta para fan\u00e1ticos del anime. A\u00f1ade esta pieza \u00fanica a tu colecci\u00f3n.\" \/>\n<meta name=\"robots\" content=\"index, follow, max-snippet:-1, max-image-preview:large, max-video-preview:-1\" \/>\n<link rel=\"canonical\" href=\"https:\/\/yardratshop.com\/eng\/product\/wawa-studio-dandadan-ken-takakura\/\" \/>\n<meta property=\"og:locale\" content=\"en_US\" \/>\n<meta property=\"og:type\" content=\"article\" \/>\n<meta property=\"og:title\" content=\"Wawa Studio - DanDaDan - Ken Takakura - Yardrat Shop\" \/>\n<meta property=\"og:description\" content=\"Estatua de resina de Okarun de *Dan da Dan*, detallada y perfecta para fan\u00e1ticos del anime. A\u00f1ade esta pieza \u00fanica a tu colecci\u00f3n.\" \/>\n<meta property=\"og:url\" content=\"https:\/\/yardratshop.com\/eng\/product\/wawa-studio-dandadan-ken-takakura\/\" \/>\n<meta property=\"og:site_name\" content=\"Yardrat Shop\" \/>\n<meta property=\"article:modified_time\" content=\"2025-12-18T23:44:54+00:00\" \/>\n<meta property=\"og:image\" content=\"https:\/\/yardratshop.com\/wp-content\/uploads\/2025\/03\/b560438c-8b5b-414b-9d0a-ef62724ad65e.jpg\" \/>\n\t<meta property=\"og:image:width\" content=\"1200\" \/>\n\t<meta property=\"og:image:height\" content=\"741\" \/>\n\t<meta property=\"og:image:type\" content=\"image\/jpeg\" \/>\n<meta name=\"twitter:card\" content=\"summary_large_image\" \/>\n<meta name=\"twitter:label1\" content=\"Est. reading time\" \/>\n\t<meta name=\"twitter:data1\" content=\"1 minute\" \/>\n<script type=\"application\/ld+json\" class=\"yoast-schema-graph\">{\"@context\":\"https:\\\/\\\/schema.org\",\"@graph\":[{\"@type\":\"WebPage\",\"@id\":\"https:\\\/\\\/yardratshop.com\\\/producto\\\/wawa-studio-dandadan-ken-takakura\\\/\",\"url\":\"https:\\\/\\\/yardratshop.com\\\/producto\\\/wawa-studio-dandadan-ken-takakura\\\/\",\"name\":\"Wawa Studio - DanDaDan - Ken Takakura - Yardrat Shop\",\"isPartOf\":{\"@id\":\"https:\\\/\\\/yardratshop.com\\\/#website\"},\"primaryImageOfPage\":{\"@id\":\"https:\\\/\\\/yardratshop.com\\\/producto\\\/wawa-studio-dandadan-ken-takakura\\\/#primaryimage\"},\"image\":{\"@id\":\"https:\\\/\\\/yardratshop.com\\\/producto\\\/wawa-studio-dandadan-ken-takakura\\\/#primaryimage\"},\"thumbnailUrl\":\"https:\\\/\\\/yardratshop.com\\\/wp-content\\\/uploads\\\/2025\\\/03\\\/b560438c-8b5b-414b-9d0a-ef62724ad65e.jpg\",\"datePublished\":\"2025-03-14T13:37:42+00:00\",\"dateModified\":\"2025-12-18T23:44:54+00:00\",\"description\":\"Estatua de resina de Okarun de *Dan da Dan*, detallada y perfecta para fan\u00e1ticos del anime. A\u00f1ade esta pieza \u00fanica a tu colecci\u00f3n.\",\"breadcrumb\":{\"@id\":\"https:\\\/\\\/yardratshop.com\\\/producto\\\/wawa-studio-dandadan-ken-takakura\\\/#breadcrumb\"},\"inLanguage\":\"en-US\",\"potentialAction\":[{\"@type\":\"ReadAction\",\"target\":[\"https:\\\/\\\/yardratshop.com\\\/producto\\\/wawa-studio-dandadan-ken-takakura\\\/\"]}]},{\"@type\":\"ImageObject\",\"inLanguage\":\"en-US\",\"@id\":\"https:\\\/\\\/yardratshop.com\\\/producto\\\/wawa-studio-dandadan-ken-takakura\\\/#primaryimage\",\"url\":\"https:\\\/\\\/yardratshop.com\\\/wp-content\\\/uploads\\\/2025\\\/03\\\/b560438c-8b5b-414b-9d0a-ef62724ad65e.jpg\",\"contentUrl\":\"https:\\\/\\\/yardratshop.com\\\/wp-content\\\/uploads\\\/2025\\\/03\\\/b560438c-8b5b-414b-9d0a-ef62724ad65e.jpg\",\"width\":1200,\"height\":741},{\"@type\":\"BreadcrumbList\",\"@id\":\"https:\\\/\\\/yardratshop.com\\\/producto\\\/wawa-studio-dandadan-ken-takakura\\\/#breadcrumb\",\"itemListElement\":[{\"@type\":\"ListItem\",\"position\":1,\"name\":\"Portada\",\"item\":\"https:\\\/\\\/yardratshop.com\\\/\"},{\"@type\":\"ListItem\",\"position\":2,\"name\":\"Tienda\",\"item\":\"https:\\\/\\\/yardratshop.com\\\/tienda\\\/\"},{\"@type\":\"ListItem\",\"position\":3,\"name\":\"Wawa Studio &#8211; DanDaDan &#8211; Ken Takakura\"}]},{\"@type\":\"WebSite\",\"@id\":\"https:\\\/\\\/yardratshop.com\\\/#website\",\"url\":\"https:\\\/\\\/yardratshop.com\\\/\",\"name\":\"Yardrat Shop\",\"description\":\"Tu tienda exclusiva de figuras y estatuas\",\"potentialAction\":[{\"@type\":\"SearchAction\",\"target\":{\"@type\":\"EntryPoint\",\"urlTemplate\":\"https:\\\/\\\/yardratshop.com\\\/?s={search_term_string}\"},\"query-input\":{\"@type\":\"PropertyValueSpecification\",\"valueRequired\":true,\"valueName\":\"search_term_string\"}}],\"inLanguage\":\"en-US\"}]}<\/script>\n<!-- \/ Yoast SEO plugin. -->","yoast_head_json":{"title":"Wawa Studio - DanDaDan - Ken Takakura - Yardrat Shop","description":"Estatua de resina de Okarun de *Dan da Dan*, detallada y perfecta para fan\u00e1ticos del anime. A\u00f1ade esta pieza \u00fanica a tu colecci\u00f3n.","robots":{"index":"index","follow":"follow","max-snippet":"max-snippet:-1","max-image-preview":"max-image-preview:large","max-video-preview":"max-video-preview:-1"},"canonical":"https:\/\/yardratshop.com\/eng\/product\/wawa-studio-dandadan-ken-takakura\/","og_locale":"en_US","og_type":"article","og_title":"Wawa Studio - DanDaDan - Ken Takakura - Yardrat Shop","og_description":"Estatua de resina de Okarun de *Dan da Dan*, detallada y perfecta para fan\u00e1ticos del anime. A\u00f1ade esta pieza \u00fanica a tu colecci\u00f3n.","og_url":"https:\/\/yardratshop.com\/eng\/product\/wawa-studio-dandadan-ken-takakura\/","og_site_name":"Yardrat Shop","article_modified_time":"2025-12-18T23:44:54+00:00","og_image":[{"width":1200,"height":741,"url":"https:\/\/yardratshop.com\/wp-content\/uploads\/2025\/03\/b560438c-8b5b-414b-9d0a-ef62724ad65e.jpg","type":"image\/jpeg"}],"twitter_card":"summary_large_image","twitter_misc":{"Est. reading time":"1 minute"},"schema":{"@context":"https:\/\/schema.org","@graph":[{"@type":"WebPage","@id":"https:\/\/yardratshop.com\/producto\/wawa-studio-dandadan-ken-takakura\/","url":"https:\/\/yardratshop.com\/producto\/wawa-studio-dandadan-ken-takakura\/","name":"Wawa Studio - DanDaDan - Ken Takakura - Yardrat Shop","isPartOf":{"@id":"https:\/\/yardratshop.com\/#website"},"primaryImageOfPage":{"@id":"https:\/\/yardratshop.com\/producto\/wawa-studio-dandadan-ken-takakura\/#primaryimage"},"image":{"@id":"https:\/\/yardratshop.com\/producto\/wawa-studio-dandadan-ken-takakura\/#primaryimage"},"thumbnailUrl":"https:\/\/yardratshop.com\/wp-content\/uploads\/2025\/03\/b560438c-8b5b-414b-9d0a-ef62724ad65e.jpg","datePublished":"2025-03-14T13:37:42+00:00","dateModified":"2025-12-18T23:44:54+00:00","description":"Estatua de resina de Okarun de *Dan da Dan*, detallada y perfecta para fan\u00e1ticos del anime. A\u00f1ade esta pieza \u00fanica a tu colecci\u00f3n.","breadcrumb":{"@id":"https:\/\/yardratshop.com\/producto\/wawa-studio-dandadan-ken-takakura\/#breadcrumb"},"inLanguage":"en-US","potentialAction":[{"@type":"ReadAction","target":["https:\/\/yardratshop.com\/producto\/wawa-studio-dandadan-ken-takakura\/"]}]},{"@type":"ImageObject","inLanguage":"en-US","@id":"https:\/\/yardratshop.com\/producto\/wawa-studio-dandadan-ken-takakura\/#primaryimage","url":"https:\/\/yardratshop.com\/wp-content\/uploads\/2025\/03\/b560438c-8b5b-414b-9d0a-ef62724ad65e.jpg","contentUrl":"https:\/\/yardratshop.com\/wp-content\/uploads\/2025\/03\/b560438c-8b5b-414b-9d0a-ef62724ad65e.jpg","width":1200,"height":741},{"@type":"BreadcrumbList","@id":"https:\/\/yardratshop.com\/producto\/wawa-studio-dandadan-ken-takakura\/#breadcrumb","itemListElement":[{"@type":"ListItem","position":1,"name":"Portada","item":"https:\/\/yardratshop.com\/"},{"@type":"ListItem","position":2,"name":"Tienda","item":"https:\/\/yardratshop.com\/tienda\/"},{"@type":"ListItem","position":3,"name":"Wawa Studio &#8211; DanDaDan &#8211; Ken Takakura"}]},{"@type":"WebSite","@id":"https:\/\/yardratshop.com\/#website","url":"https:\/\/yardratshop.com\/","name":"Yardrat Shop","description":"Tu tienda exclusiva de figuras y estatuas","potentialAction":[{"@type":"SearchAction","target":{"@type":"EntryPoint","urlTemplate":"https:\/\/yardratshop.com\/?s={search_term_string}"},"query-input":{"@type":"PropertyValueSpecification","valueRequired":true,"valueName":"search_term_string"}}],"inLanguage":"en-US"}]}},"_links":{"self":[{"href":"https:\/\/yardratshop.com\/eng\/wp-json\/wp\/v2\/product\/3805","targetHints":{"allow":["GET"]}}],"collection":[{"href":"https:\/\/yardratshop.com\/eng\/wp-json\/wp\/v2\/product"}],"about":[{"href":"https:\/\/yardratshop.com\/eng\/wp-json\/wp\/v2\/types\/product"}],"version-history":[{"count":2,"href":"https:\/\/yardratshop.com\/eng\/wp-json\/wp\/v2\/product\/3805\/revisions"}],"predecessor-version":[{"id":4012,"href":"https:\/\/yardratshop.com\/eng\/wp-json\/wp\/v2\/product\/3805\/revisions\/4012"}],"wp:featuredmedia":[{"embeddable":true,"href":"https:\/\/yardratshop.com\/eng\/wp-json\/wp\/v2\/media\/4010"}],"wp:attachment":[{"href":"https:\/\/yardratshop.com\/eng\/wp-json\/wp\/v2\/media?parent=3805"}],"wp:term":[{"taxonomy":"product_brand","embeddable":true,"href":"https:\/\/yardratshop.com\/eng\/wp-json\/wp\/v2\/product_brand?post=3805"},{"taxonomy":"product_cat","embeddable":true,"href":"https:\/\/yardratshop.com\/eng\/wp-json\/wp\/v2\/product_cat?post=3805"},{"taxonomy":"product_tag","embeddable":true,"href":"https:\/\/yardratshop.com\/eng\/wp-json\/wp\/v2\/product_tag?post=3805"}],"curies":[{"name":"wp","href":"https:\/\/api.w.org\/{rel}","templated":true}]}}