{"id":47006,"date":"2025-12-06T11:19:51","date_gmt":"2025-12-06T10:19:51","guid":{"rendered":"https:\/\/yardratshop.com\/?post_type=product&#038;p=47006"},"modified":"2026-01-05T11:14:39","modified_gmt":"2026-01-05T10:14:39","slug":"ekuaz-echo-studio-piratas-del-caribe-capitan-salazar-eks013","status":"publish","type":"product","link":"https:\/\/yardratshop.com\/eng\/product\/ekuaz-echo-studio-piratas-del-caribe-capitan-salazar-eks013\/","title":{"rendered":"Ekuaz &amp; Echo Studio &#8211; Piratas del Caribe &#8211; Capit\u00e1n Salazar (EKS013)"},"content":{"rendered":"","protected":false},"excerpt":{"rendered":"<p><strong>Fecha de entrega:\u00a0<\/strong>Q3 2026<br \/>\n<strong>Fecha limite de reserva:<\/strong> 27 de Diciembre<br \/>\n<strong>Modelo:\u00a0<\/strong>EKS013<\/p>\n<ul>\n<li data-start=\"123\" data-end=\"181\">\n<p data-start=\"125\" data-end=\"181\"><strong data-start=\"125\" data-end=\"138\">1x Cabeza<\/strong> con cabello al viento y <strong data-start=\"163\" data-end=\"179\">ojos m\u00f3viles<\/strong><\/p>\n<\/li>\n<li data-start=\"182\" data-end=\"250\">\n<p data-start=\"184\" data-end=\"250\"><strong data-start=\"184\" data-end=\"207\">1x Cuerpo de figura<\/strong> (incluye <strong data-start=\"217\" data-end=\"247\">pechera fantasma exclusiva<\/strong>)<\/p>\n<\/li>\n<li data-start=\"251\" data-end=\"410\">\n<p data-start=\"253\" data-end=\"410\"><strong data-start=\"253\" data-end=\"303\">1x Conjunto completo de ropa da\u00f1ada en batalla<\/strong>, botas de cuero genuino y cintur\u00f3n de cuero genuino<br data-start=\"355\" data-end=\"358\" \/><em data-start=\"360\" data-end=\"408\">(todos los accesorios anteriores son de metal)<\/em><\/p>\n<\/li>\n<li data-start=\"411\" data-end=\"461\">\n<p data-start=\"413\" data-end=\"461\"><strong data-start=\"413\" data-end=\"441\">5x Manos intercambiables<\/strong> de alta precisi\u00f3n<\/p>\n<\/li>\n<li data-start=\"462\" data-end=\"516\">\n<p data-start=\"464\" data-end=\"516\"><strong data-start=\"464\" data-end=\"493\">1x Espada ropera met\u00e1lica<\/strong> con da\u00f1os de batalla<\/p>\n<\/li>\n<li data-start=\"517\" data-end=\"564\">\n<p data-start=\"519\" data-end=\"564\"><strong data-start=\"519\" data-end=\"541\">1x Bast\u00f3n met\u00e1lico<\/strong> con da\u00f1os de batalla<\/p>\n<\/li>\n<li data-start=\"565\" data-end=\"592\">\n<p data-start=\"567\" data-end=\"592\"><strong data-start=\"567\" data-end=\"590\">1x Gaviota fantasma<\/strong><\/p>\n<\/li>\n<li data-start=\"593\" data-end=\"624\">\n<p data-start=\"595\" data-end=\"624\"><strong data-start=\"595\" data-end=\"622\">1x Cartel de \u201cSe busca\u201d<\/strong><\/p>\n<\/li>\n<li data-start=\"625\" data-end=\"663\">\n<p data-start=\"627\" data-end=\"663\"><strong data-start=\"627\" data-end=\"663\">1x Base de exhibici\u00f3n con escena<\/strong><\/p>\n<\/li>\n<\/ul>","protected":false},"featured_media":47027,"template":"","meta":[],"product_brand":[],"product_cat":[3420,3456,153,2751],"product_tag":[],"class_list":{"0":"post-47006","1":"product","2":"type-product","3":"status-publish","4":"has-post-thumbnail","6":"product_cat-capitan-salazar","7":"product_cat-cierran-pronto","8":"product_cat-peliculas","9":"product_cat-piratas-del-caribe","10":"pa_altura-26-35cm","11":"pa_escala-escala_1_6","12":"pa_estado-preorder","13":"pa_estudio-ekuaz-studio","14":"pa_tipo-figura-articulada","16":"first","17":"outofstock","18":"purchasable","19":"product-type-simple"},"yoast_head":"<!-- This site is optimized with the Yoast SEO plugin v27.3 - https:\/\/yoast.com\/product\/yoast-seo-wordpress\/ -->\n<title>Ekuaz &amp; Echo Studio Capit\u00e1n Salazar 1\/6 \u2013 Figura Premium<\/title>\n<meta name=\"description\" content=\"Figura articulada 1\/6 del Capit\u00e1n Salazar (EKS013). Edici\u00f3n premium para coleccionistas de Piratas del Caribe. Detalles incre\u00edbles y alta calidad.\" \/>\n<meta name=\"robots\" content=\"index, follow, max-snippet:-1, max-image-preview:large, max-video-preview:-1\" \/>\n<link rel=\"canonical\" href=\"https:\/\/yardratshop.com\/eng\/product\/ekuaz-echo-studio-piratas-del-caribe-capitan-salazar-eks013\/\" \/>\n<meta property=\"og:locale\" content=\"en_US\" \/>\n<meta property=\"og:type\" content=\"article\" \/>\n<meta property=\"og:title\" content=\"Ekuaz &amp; Echo Studio Capit\u00e1n Salazar 1\/6 \u2013 Figura Premium\" \/>\n<meta property=\"og:description\" content=\"Figura articulada 1\/6 del Capit\u00e1n Salazar (EKS013). Edici\u00f3n premium para coleccionistas de Piratas del Caribe. Detalles incre\u00edbles y alta calidad.\" \/>\n<meta property=\"og:url\" content=\"https:\/\/yardratshop.com\/eng\/product\/ekuaz-echo-studio-piratas-del-caribe-capitan-salazar-eks013\/\" \/>\n<meta property=\"og:site_name\" content=\"Yardrat Shop\" \/>\n<meta property=\"article:modified_time\" content=\"2026-01-05T10:14:39+00:00\" \/>\n<meta property=\"og:image\" content=\"https:\/\/yardratshop.com\/wp-content\/uploads\/2025\/12\/175301i5hlff49dq5c5s9d.jpg\" \/>\n\t<meta property=\"og:image:width\" content=\"1000\" \/>\n\t<meta property=\"og:image:height\" content=\"1564\" \/>\n\t<meta property=\"og:image:type\" content=\"image\/jpeg\" \/>\n<meta name=\"twitter:card\" content=\"summary_large_image\" \/>\n<meta name=\"twitter:label1\" content=\"Est. reading time\" \/>\n\t<meta name=\"twitter:data1\" content=\"1 minute\" \/>\n<script type=\"application\/ld+json\" class=\"yoast-schema-graph\">{\"@context\":\"https:\\\/\\\/schema.org\",\"@graph\":[{\"@type\":\"WebPage\",\"@id\":\"https:\\\/\\\/yardratshop.com\\\/producto\\\/ekuaz-echo-studio-piratas-del-caribe-capitan-salazar-eks013\\\/\",\"url\":\"https:\\\/\\\/yardratshop.com\\\/producto\\\/ekuaz-echo-studio-piratas-del-caribe-capitan-salazar-eks013\\\/\",\"name\":\"Ekuaz & Echo Studio Capit\u00e1n Salazar 1\\\/6 \u2013 Figura Premium\",\"isPartOf\":{\"@id\":\"https:\\\/\\\/yardratshop.com\\\/#website\"},\"primaryImageOfPage\":{\"@id\":\"https:\\\/\\\/yardratshop.com\\\/producto\\\/ekuaz-echo-studio-piratas-del-caribe-capitan-salazar-eks013\\\/#primaryimage\"},\"image\":{\"@id\":\"https:\\\/\\\/yardratshop.com\\\/producto\\\/ekuaz-echo-studio-piratas-del-caribe-capitan-salazar-eks013\\\/#primaryimage\"},\"thumbnailUrl\":\"https:\\\/\\\/yardratshop.com\\\/wp-content\\\/uploads\\\/2025\\\/12\\\/175301i5hlff49dq5c5s9d.jpg\",\"datePublished\":\"2025-12-06T10:19:51+00:00\",\"dateModified\":\"2026-01-05T10:14:39+00:00\",\"description\":\"Figura articulada 1\\\/6 del Capit\u00e1n Salazar (EKS013). Edici\u00f3n premium para coleccionistas de Piratas del Caribe. Detalles incre\u00edbles y alta calidad.\",\"breadcrumb\":{\"@id\":\"https:\\\/\\\/yardratshop.com\\\/producto\\\/ekuaz-echo-studio-piratas-del-caribe-capitan-salazar-eks013\\\/#breadcrumb\"},\"inLanguage\":\"en-US\",\"potentialAction\":[{\"@type\":\"ReadAction\",\"target\":[\"https:\\\/\\\/yardratshop.com\\\/producto\\\/ekuaz-echo-studio-piratas-del-caribe-capitan-salazar-eks013\\\/\"]}]},{\"@type\":\"ImageObject\",\"inLanguage\":\"en-US\",\"@id\":\"https:\\\/\\\/yardratshop.com\\\/producto\\\/ekuaz-echo-studio-piratas-del-caribe-capitan-salazar-eks013\\\/#primaryimage\",\"url\":\"https:\\\/\\\/yardratshop.com\\\/wp-content\\\/uploads\\\/2025\\\/12\\\/175301i5hlff49dq5c5s9d.jpg\",\"contentUrl\":\"https:\\\/\\\/yardratshop.com\\\/wp-content\\\/uploads\\\/2025\\\/12\\\/175301i5hlff49dq5c5s9d.jpg\",\"width\":1000,\"height\":1564,\"caption\":\"175301i5hlff49dq5c5s9d\"},{\"@type\":\"BreadcrumbList\",\"@id\":\"https:\\\/\\\/yardratshop.com\\\/producto\\\/ekuaz-echo-studio-piratas-del-caribe-capitan-salazar-eks013\\\/#breadcrumb\",\"itemListElement\":[{\"@type\":\"ListItem\",\"position\":1,\"name\":\"Portada\",\"item\":\"https:\\\/\\\/yardratshop.com\\\/\"},{\"@type\":\"ListItem\",\"position\":2,\"name\":\"Tienda\",\"item\":\"https:\\\/\\\/yardratshop.com\\\/tienda\\\/\"},{\"@type\":\"ListItem\",\"position\":3,\"name\":\"Ekuaz &amp; Echo Studio &#8211; Piratas del Caribe &#8211; Capit\u00e1n Salazar (EKS013)\"}]},{\"@type\":\"WebSite\",\"@id\":\"https:\\\/\\\/yardratshop.com\\\/#website\",\"url\":\"https:\\\/\\\/yardratshop.com\\\/\",\"name\":\"Yardrat Shop\",\"description\":\"Tu tienda exclusiva de figuras y estatuas\",\"potentialAction\":[{\"@type\":\"SearchAction\",\"target\":{\"@type\":\"EntryPoint\",\"urlTemplate\":\"https:\\\/\\\/yardratshop.com\\\/?s={search_term_string}\"},\"query-input\":{\"@type\":\"PropertyValueSpecification\",\"valueRequired\":true,\"valueName\":\"search_term_string\"}}],\"inLanguage\":\"en-US\"}]}<\/script>\n<!-- \/ Yoast SEO plugin. -->","yoast_head_json":{"title":"Ekuaz & Echo Studio Capit\u00e1n Salazar 1\/6 \u2013 Figura Premium","description":"Figura articulada 1\/6 del Capit\u00e1n Salazar (EKS013). Edici\u00f3n premium para coleccionistas de Piratas del Caribe. Detalles incre\u00edbles y alta calidad.","robots":{"index":"index","follow":"follow","max-snippet":"max-snippet:-1","max-image-preview":"max-image-preview:large","max-video-preview":"max-video-preview:-1"},"canonical":"https:\/\/yardratshop.com\/eng\/product\/ekuaz-echo-studio-piratas-del-caribe-capitan-salazar-eks013\/","og_locale":"en_US","og_type":"article","og_title":"Ekuaz & Echo Studio Capit\u00e1n Salazar 1\/6 \u2013 Figura Premium","og_description":"Figura articulada 1\/6 del Capit\u00e1n Salazar (EKS013). Edici\u00f3n premium para coleccionistas de Piratas del Caribe. Detalles incre\u00edbles y alta calidad.","og_url":"https:\/\/yardratshop.com\/eng\/product\/ekuaz-echo-studio-piratas-del-caribe-capitan-salazar-eks013\/","og_site_name":"Yardrat Shop","article_modified_time":"2026-01-05T10:14:39+00:00","og_image":[{"width":1000,"height":1564,"url":"https:\/\/yardratshop.com\/wp-content\/uploads\/2025\/12\/175301i5hlff49dq5c5s9d.jpg","type":"image\/jpeg"}],"twitter_card":"summary_large_image","twitter_misc":{"Est. reading time":"1 minute"},"schema":{"@context":"https:\/\/schema.org","@graph":[{"@type":"WebPage","@id":"https:\/\/yardratshop.com\/producto\/ekuaz-echo-studio-piratas-del-caribe-capitan-salazar-eks013\/","url":"https:\/\/yardratshop.com\/producto\/ekuaz-echo-studio-piratas-del-caribe-capitan-salazar-eks013\/","name":"Ekuaz & Echo Studio Capit\u00e1n Salazar 1\/6 \u2013 Figura Premium","isPartOf":{"@id":"https:\/\/yardratshop.com\/#website"},"primaryImageOfPage":{"@id":"https:\/\/yardratshop.com\/producto\/ekuaz-echo-studio-piratas-del-caribe-capitan-salazar-eks013\/#primaryimage"},"image":{"@id":"https:\/\/yardratshop.com\/producto\/ekuaz-echo-studio-piratas-del-caribe-capitan-salazar-eks013\/#primaryimage"},"thumbnailUrl":"https:\/\/yardratshop.com\/wp-content\/uploads\/2025\/12\/175301i5hlff49dq5c5s9d.jpg","datePublished":"2025-12-06T10:19:51+00:00","dateModified":"2026-01-05T10:14:39+00:00","description":"Figura articulada 1\/6 del Capit\u00e1n Salazar (EKS013). Edici\u00f3n premium para coleccionistas de Piratas del Caribe. Detalles incre\u00edbles y alta calidad.","breadcrumb":{"@id":"https:\/\/yardratshop.com\/producto\/ekuaz-echo-studio-piratas-del-caribe-capitan-salazar-eks013\/#breadcrumb"},"inLanguage":"en-US","potentialAction":[{"@type":"ReadAction","target":["https:\/\/yardratshop.com\/producto\/ekuaz-echo-studio-piratas-del-caribe-capitan-salazar-eks013\/"]}]},{"@type":"ImageObject","inLanguage":"en-US","@id":"https:\/\/yardratshop.com\/producto\/ekuaz-echo-studio-piratas-del-caribe-capitan-salazar-eks013\/#primaryimage","url":"https:\/\/yardratshop.com\/wp-content\/uploads\/2025\/12\/175301i5hlff49dq5c5s9d.jpg","contentUrl":"https:\/\/yardratshop.com\/wp-content\/uploads\/2025\/12\/175301i5hlff49dq5c5s9d.jpg","width":1000,"height":1564,"caption":"175301i5hlff49dq5c5s9d"},{"@type":"BreadcrumbList","@id":"https:\/\/yardratshop.com\/producto\/ekuaz-echo-studio-piratas-del-caribe-capitan-salazar-eks013\/#breadcrumb","itemListElement":[{"@type":"ListItem","position":1,"name":"Portada","item":"https:\/\/yardratshop.com\/"},{"@type":"ListItem","position":2,"name":"Tienda","item":"https:\/\/yardratshop.com\/tienda\/"},{"@type":"ListItem","position":3,"name":"Ekuaz &amp; Echo Studio &#8211; Piratas del Caribe &#8211; Capit\u00e1n Salazar (EKS013)"}]},{"@type":"WebSite","@id":"https:\/\/yardratshop.com\/#website","url":"https:\/\/yardratshop.com\/","name":"Yardrat Shop","description":"Tu tienda exclusiva de figuras y estatuas","potentialAction":[{"@type":"SearchAction","target":{"@type":"EntryPoint","urlTemplate":"https:\/\/yardratshop.com\/?s={search_term_string}"},"query-input":{"@type":"PropertyValueSpecification","valueRequired":true,"valueName":"search_term_string"}}],"inLanguage":"en-US"}]}},"_links":{"self":[{"href":"https:\/\/yardratshop.com\/eng\/wp-json\/wp\/v2\/product\/47006","targetHints":{"allow":["GET"]}}],"collection":[{"href":"https:\/\/yardratshop.com\/eng\/wp-json\/wp\/v2\/product"}],"about":[{"href":"https:\/\/yardratshop.com\/eng\/wp-json\/wp\/v2\/types\/product"}],"version-history":[{"count":2,"href":"https:\/\/yardratshop.com\/eng\/wp-json\/wp\/v2\/product\/47006\/revisions"}],"predecessor-version":[{"id":47302,"href":"https:\/\/yardratshop.com\/eng\/wp-json\/wp\/v2\/product\/47006\/revisions\/47302"}],"wp:featuredmedia":[{"embeddable":true,"href":"https:\/\/yardratshop.com\/eng\/wp-json\/wp\/v2\/media\/47027"}],"wp:attachment":[{"href":"https:\/\/yardratshop.com\/eng\/wp-json\/wp\/v2\/media?parent=47006"}],"wp:term":[{"taxonomy":"product_brand","embeddable":true,"href":"https:\/\/yardratshop.com\/eng\/wp-json\/wp\/v2\/product_brand?post=47006"},{"taxonomy":"product_cat","embeddable":true,"href":"https:\/\/yardratshop.com\/eng\/wp-json\/wp\/v2\/product_cat?post=47006"},{"taxonomy":"product_tag","embeddable":true,"href":"https:\/\/yardratshop.com\/eng\/wp-json\/wp\/v2\/product_tag?post=47006"}],"curies":[{"name":"wp","href":"https:\/\/api.w.org\/{rel}","templated":true}]}}