{"id":53583,"date":"2026-01-02T00:41:58","date_gmt":"2026-01-01T23:41:58","guid":{"rendered":"https:\/\/yardratshop.com\/?post_type=product&#038;p=53583"},"modified":"2026-01-12T00:40:02","modified_gmt":"2026-01-11T23:40:02","slug":"dh-model-exhibition-display-l1-series","status":"publish","type":"product","link":"https:\/\/yardratshop.com\/eng\/product\/dh-model-exhibition-display-l1-series\/","title":{"rendered":"DH Model &#8211; Exhibition Display &#8211; L1 Series"},"content":{"rendered":"","protected":false},"excerpt":{"rendered":"<p><strong>Medidas:<\/strong><\/p>\n<p>Vertical: H41 x W29.5 x D22cm<br \/>\nHorizontal: H29.5 x W41 x D22cm<\/p>\n<p><strong>Material:\u00a0<\/strong>Wood+Aluminium+Transparent Panels<br \/>\n<strong>Fecha de entrega:\u00a0<\/strong>Q2 2026<br \/>\n<strong>Fecha limite de reserva:\u00a0<\/strong>10 de Enero<\/p>\n<ul>\n<li data-start=\"1031\" data-end=\"1083\">\n<p data-start=\"1033\" data-end=\"1083\"><strong data-start=\"1033\" data-end=\"1050\">Antiest\u00e1tica:<\/strong> reduce la acumulaci\u00f3n de polvo<\/p>\n<\/li>\n<li data-start=\"1084\" data-end=\"1152\">\n<p data-start=\"1086\" data-end=\"1152\"><strong data-start=\"1086\" data-end=\"1100\">Filtro UV:<\/strong> ayuda a retrasar el envejecimiento de las figuras<\/p>\n<\/li>\n<li data-start=\"1153\" data-end=\"1225\">\n<p data-start=\"1155\" data-end=\"1225\"><strong data-start=\"1155\" data-end=\"1186\">Estructura estable y segura<\/strong>, ideal para exposici\u00f3n a largo plazo<\/p>\n<\/li>\n<li data-start=\"1278\" data-end=\"1356\">\n<p data-start=\"1280\" data-end=\"1356\">Bordes redondeados con <strong data-start=\"1303\" data-end=\"1322\">curvatura de 3\u00b0<\/strong> para mayor seguridad y est\u00e9tica<\/p>\n<\/li>\n<li data-start=\"1357\" data-end=\"1427\">\n<p data-start=\"1359\" data-end=\"1427\">Estructura de <strong data-start=\"1373\" data-end=\"1402\">aleaci\u00f3n de aluminio mate<\/strong>, resistente y elegante<\/p>\n<\/li>\n<li data-start=\"1428\" data-end=\"1485\">\n<p data-start=\"1430\" data-end=\"1485\">Acabados inspirados en dise\u00f1o industrial de alta gama<\/p>\n<\/li>\n<li data-start=\"1486\" data-end=\"1540\">\n<p data-start=\"1488\" data-end=\"1540\">Superficies suaves al tacto, sin aristas cortantes<\/p>\n<\/li>\n<li data-start=\"1581\" data-end=\"1619\">\n<p data-start=\"1583\" data-end=\"1619\">Sistema de cierre magn\u00e9tico oculto<\/p>\n<\/li>\n<li data-start=\"1620\" data-end=\"1660\">\n<p data-start=\"1622\" data-end=\"1660\">Apertura y cierre suave y silencioso<\/p>\n<\/li>\n<li data-start=\"1661\" data-end=\"1701\">\n<p data-start=\"1663\" data-end=\"1701\">Probada m\u00e1s de <strong data-start=\"1678\" data-end=\"1699\">100.000 aperturas<\/strong><\/p>\n<\/li>\n<li data-start=\"1702\" data-end=\"1733\">\n<p data-start=\"1704\" data-end=\"1733\">Ajuste preciso sin holguras<\/p>\n<\/li>\n<li data-start=\"1782\" data-end=\"1834\">\n<p data-start=\"1784\" data-end=\"1834\">Tira LED de aluminio <strong data-start=\"1805\" data-end=\"1832\">inal\u00e1mbrica y magn\u00e9tica<\/strong><\/p>\n<\/li>\n<li data-start=\"1835\" data-end=\"1884\">\n<p data-start=\"1837\" data-end=\"1884\"><strong data-start=\"1837\" data-end=\"1882\">3 tonos de luz + regulaci\u00f3n de intensidad<\/strong><\/p>\n<\/li>\n<li data-start=\"1885\" data-end=\"1912\">\n<p data-start=\"1887\" data-end=\"1912\">Control remoto incluido<\/p>\n<\/li>\n<li data-start=\"1913\" data-end=\"1946\">\n<p data-start=\"1915\" data-end=\"1946\">Instalaci\u00f3n r\u00e1pida sin cables<\/p>\n<\/li>\n<li data-start=\"1989\" data-end=\"2026\">\n<p data-start=\"1991\" data-end=\"2026\">Soporta hasta <strong data-start=\"2005\" data-end=\"2024\">130 kg de carga<\/strong><\/p>\n<\/li>\n<li data-start=\"2027\" data-end=\"2055\">\n<p data-start=\"2029\" data-end=\"2055\">Apilable sin deformaci\u00f3n<\/p>\n<\/li>\n<li data-start=\"2056\" data-end=\"2096\">\n<p data-start=\"2058\" data-end=\"2096\">Tolerancia estructural de <strong data-start=\"2084\" data-end=\"2096\">\u00b10,05 mm<\/strong><\/p>\n<\/li>\n<li data-start=\"2441\" data-end=\"2482\">\n<p data-start=\"2443\" data-end=\"2482\">Sistema de apertura: Puerta magn\u00e9tica<\/p>\n<\/li>\n<li data-start=\"2483\" data-end=\"2525\">\n<p data-start=\"2485\" data-end=\"2525\">Iluminaci\u00f3n: LED magn\u00e9tica inal\u00e1mbrica<\/p>\n<\/li>\n<li data-start=\"2526\" data-end=\"2565\">\n<p data-start=\"2528\" data-end=\"2565\">Colores disponibles: Negro \/ Blanco<\/p>\n<\/li>\n<li data-start=\"2566\" data-end=\"2602\">\n<p data-start=\"2568\" data-end=\"2602\">Montaje: F\u00e1cil, sin herramientas<\/p>\n<\/li>\n<\/ul>","protected":false},"featured_media":53601,"template":"","meta":[],"product_brand":[],"product_cat":[3456,2821],"product_tag":[],"class_list":{"0":"post-53583","1":"product","2":"type-product","3":"status-publish","4":"has-post-thumbnail","6":"product_cat-cierran-pronto","7":"product_cat-dioramas","8":"pa_altura-36-45cm","9":"pa_escala-escala_1_6","10":"pa_estado-preorder","11":"pa_estudio-dh-model","12":"pa_tipo-figura-articulada","14":"first","15":"outofstock","16":"purchasable","17":"product-type-variable"},"yoast_head":"<!-- This site is optimized with the Yoast SEO plugin v27.4 - https:\/\/yoast.com\/product\/yoast-seo-wordpress\/ -->\n<title>Vitrina DH Model L1 Series 1\/6 | Display Premium para Figuras de Colecci\u00f3n<\/title>\n<meta name=\"description\" content=\"Vitrina de exhibici\u00f3n DH Model L1 Series para figuras y estatuas 1\/6. Protecci\u00f3n premium, dise\u00f1o minimalista y presentaci\u00f3n de museo para coleccionistas exigentes.\" \/>\n<meta name=\"robots\" content=\"index, follow, max-snippet:-1, max-image-preview:large, max-video-preview:-1\" \/>\n<link rel=\"canonical\" href=\"https:\/\/yardratshop.com\/eng\/product\/dh-model-exhibition-display-l1-series\/\" \/>\n<meta property=\"og:locale\" content=\"en_US\" \/>\n<meta property=\"og:type\" content=\"article\" \/>\n<meta property=\"og:title\" content=\"Vitrina DH Model L1 Series 1\/6 | Display Premium para Figuras de Colecci\u00f3n\" \/>\n<meta property=\"og:description\" content=\"Vitrina de exhibici\u00f3n DH Model L1 Series para figuras y estatuas 1\/6. Protecci\u00f3n premium, dise\u00f1o minimalista y presentaci\u00f3n de museo para coleccionistas exigentes.\" \/>\n<meta property=\"og:url\" content=\"https:\/\/yardratshop.com\/eng\/product\/dh-model-exhibition-display-l1-series\/\" \/>\n<meta property=\"og:site_name\" content=\"Yardrat Shop\" \/>\n<meta property=\"article:modified_time\" content=\"2026-01-11T23:40:02+00:00\" \/>\n<meta property=\"og:image\" content=\"https:\/\/yardratshop.com\/wp-content\/uploads\/2026\/01\/165542bdny3arxzzapdvn4.jpg\" \/>\n\t<meta property=\"og:image:width\" content=\"1200\" \/>\n\t<meta property=\"og:image:height\" content=\"1200\" \/>\n\t<meta property=\"og:image:type\" content=\"image\/jpeg\" \/>\n<meta name=\"twitter:card\" content=\"summary_large_image\" \/>\n<meta name=\"twitter:label1\" content=\"Est. reading time\" \/>\n\t<meta name=\"twitter:data1\" content=\"1 minute\" \/>\n<script type=\"application\/ld+json\" class=\"yoast-schema-graph\">{\"@context\":\"https:\\\/\\\/schema.org\",\"@graph\":[{\"@type\":\"WebPage\",\"@id\":\"https:\\\/\\\/yardratshop.com\\\/producto\\\/dh-model-exhibition-display-l1-series\\\/\",\"url\":\"https:\\\/\\\/yardratshop.com\\\/producto\\\/dh-model-exhibition-display-l1-series\\\/\",\"name\":\"Vitrina DH Model L1 Series 1\\\/6 | Display Premium para Figuras de Colecci\u00f3n\",\"isPartOf\":{\"@id\":\"https:\\\/\\\/yardratshop.com\\\/#website\"},\"primaryImageOfPage\":{\"@id\":\"https:\\\/\\\/yardratshop.com\\\/producto\\\/dh-model-exhibition-display-l1-series\\\/#primaryimage\"},\"image\":{\"@id\":\"https:\\\/\\\/yardratshop.com\\\/producto\\\/dh-model-exhibition-display-l1-series\\\/#primaryimage\"},\"thumbnailUrl\":\"https:\\\/\\\/yardratshop.com\\\/wp-content\\\/uploads\\\/2026\\\/01\\\/165542bdny3arxzzapdvn4.jpg\",\"datePublished\":\"2026-01-01T23:41:58+00:00\",\"dateModified\":\"2026-01-11T23:40:02+00:00\",\"description\":\"Vitrina de exhibici\u00f3n DH Model L1 Series para figuras y estatuas 1\\\/6. Protecci\u00f3n premium, dise\u00f1o minimalista y presentaci\u00f3n de museo para coleccionistas exigentes.\",\"breadcrumb\":{\"@id\":\"https:\\\/\\\/yardratshop.com\\\/producto\\\/dh-model-exhibition-display-l1-series\\\/#breadcrumb\"},\"inLanguage\":\"en-US\",\"potentialAction\":[{\"@type\":\"ReadAction\",\"target\":[\"https:\\\/\\\/yardratshop.com\\\/producto\\\/dh-model-exhibition-display-l1-series\\\/\"]}]},{\"@type\":\"ImageObject\",\"inLanguage\":\"en-US\",\"@id\":\"https:\\\/\\\/yardratshop.com\\\/producto\\\/dh-model-exhibition-display-l1-series\\\/#primaryimage\",\"url\":\"https:\\\/\\\/yardratshop.com\\\/wp-content\\\/uploads\\\/2026\\\/01\\\/165542bdny3arxzzapdvn4.jpg\",\"contentUrl\":\"https:\\\/\\\/yardratshop.com\\\/wp-content\\\/uploads\\\/2026\\\/01\\\/165542bdny3arxzzapdvn4.jpg\",\"width\":1200,\"height\":1200,\"caption\":\"165542bdny3arxzzapdvn4\"},{\"@type\":\"BreadcrumbList\",\"@id\":\"https:\\\/\\\/yardratshop.com\\\/producto\\\/dh-model-exhibition-display-l1-series\\\/#breadcrumb\",\"itemListElement\":[{\"@type\":\"ListItem\",\"position\":1,\"name\":\"Portada\",\"item\":\"https:\\\/\\\/yardratshop.com\\\/\"},{\"@type\":\"ListItem\",\"position\":2,\"name\":\"Tienda\",\"item\":\"https:\\\/\\\/yardratshop.com\\\/tienda\\\/\"},{\"@type\":\"ListItem\",\"position\":3,\"name\":\"DH Model &#8211; Exhibition Display &#8211; L1 Series\"}]},{\"@type\":\"WebSite\",\"@id\":\"https:\\\/\\\/yardratshop.com\\\/#website\",\"url\":\"https:\\\/\\\/yardratshop.com\\\/\",\"name\":\"Yardrat Shop\",\"description\":\"Tu tienda exclusiva de figuras y estatuas\",\"potentialAction\":[{\"@type\":\"SearchAction\",\"target\":{\"@type\":\"EntryPoint\",\"urlTemplate\":\"https:\\\/\\\/yardratshop.com\\\/?s={search_term_string}\"},\"query-input\":{\"@type\":\"PropertyValueSpecification\",\"valueRequired\":true,\"valueName\":\"search_term_string\"}}],\"inLanguage\":\"en-US\"}]}<\/script>\n<!-- \/ Yoast SEO plugin. -->","yoast_head_json":{"title":"Vitrina DH Model L1 Series 1\/6 | Display Premium para Figuras de Colecci\u00f3n","description":"Vitrina de exhibici\u00f3n DH Model L1 Series para figuras y estatuas 1\/6. Protecci\u00f3n premium, dise\u00f1o minimalista y presentaci\u00f3n de museo para coleccionistas exigentes.","robots":{"index":"index","follow":"follow","max-snippet":"max-snippet:-1","max-image-preview":"max-image-preview:large","max-video-preview":"max-video-preview:-1"},"canonical":"https:\/\/yardratshop.com\/eng\/product\/dh-model-exhibition-display-l1-series\/","og_locale":"en_US","og_type":"article","og_title":"Vitrina DH Model L1 Series 1\/6 | Display Premium para Figuras de Colecci\u00f3n","og_description":"Vitrina de exhibici\u00f3n DH Model L1 Series para figuras y estatuas 1\/6. Protecci\u00f3n premium, dise\u00f1o minimalista y presentaci\u00f3n de museo para coleccionistas exigentes.","og_url":"https:\/\/yardratshop.com\/eng\/product\/dh-model-exhibition-display-l1-series\/","og_site_name":"Yardrat Shop","article_modified_time":"2026-01-11T23:40:02+00:00","og_image":[{"width":1200,"height":1200,"url":"https:\/\/yardratshop.com\/wp-content\/uploads\/2026\/01\/165542bdny3arxzzapdvn4.jpg","type":"image\/jpeg"}],"twitter_card":"summary_large_image","twitter_misc":{"Est. reading time":"1 minute"},"schema":{"@context":"https:\/\/schema.org","@graph":[{"@type":"WebPage","@id":"https:\/\/yardratshop.com\/producto\/dh-model-exhibition-display-l1-series\/","url":"https:\/\/yardratshop.com\/producto\/dh-model-exhibition-display-l1-series\/","name":"Vitrina DH Model L1 Series 1\/6 | Display Premium para Figuras de Colecci\u00f3n","isPartOf":{"@id":"https:\/\/yardratshop.com\/#website"},"primaryImageOfPage":{"@id":"https:\/\/yardratshop.com\/producto\/dh-model-exhibition-display-l1-series\/#primaryimage"},"image":{"@id":"https:\/\/yardratshop.com\/producto\/dh-model-exhibition-display-l1-series\/#primaryimage"},"thumbnailUrl":"https:\/\/yardratshop.com\/wp-content\/uploads\/2026\/01\/165542bdny3arxzzapdvn4.jpg","datePublished":"2026-01-01T23:41:58+00:00","dateModified":"2026-01-11T23:40:02+00:00","description":"Vitrina de exhibici\u00f3n DH Model L1 Series para figuras y estatuas 1\/6. Protecci\u00f3n premium, dise\u00f1o minimalista y presentaci\u00f3n de museo para coleccionistas exigentes.","breadcrumb":{"@id":"https:\/\/yardratshop.com\/producto\/dh-model-exhibition-display-l1-series\/#breadcrumb"},"inLanguage":"en-US","potentialAction":[{"@type":"ReadAction","target":["https:\/\/yardratshop.com\/producto\/dh-model-exhibition-display-l1-series\/"]}]},{"@type":"ImageObject","inLanguage":"en-US","@id":"https:\/\/yardratshop.com\/producto\/dh-model-exhibition-display-l1-series\/#primaryimage","url":"https:\/\/yardratshop.com\/wp-content\/uploads\/2026\/01\/165542bdny3arxzzapdvn4.jpg","contentUrl":"https:\/\/yardratshop.com\/wp-content\/uploads\/2026\/01\/165542bdny3arxzzapdvn4.jpg","width":1200,"height":1200,"caption":"165542bdny3arxzzapdvn4"},{"@type":"BreadcrumbList","@id":"https:\/\/yardratshop.com\/producto\/dh-model-exhibition-display-l1-series\/#breadcrumb","itemListElement":[{"@type":"ListItem","position":1,"name":"Portada","item":"https:\/\/yardratshop.com\/"},{"@type":"ListItem","position":2,"name":"Tienda","item":"https:\/\/yardratshop.com\/tienda\/"},{"@type":"ListItem","position":3,"name":"DH Model &#8211; Exhibition Display &#8211; L1 Series"}]},{"@type":"WebSite","@id":"https:\/\/yardratshop.com\/#website","url":"https:\/\/yardratshop.com\/","name":"Yardrat Shop","description":"Tu tienda exclusiva de figuras y estatuas","potentialAction":[{"@type":"SearchAction","target":{"@type":"EntryPoint","urlTemplate":"https:\/\/yardratshop.com\/?s={search_term_string}"},"query-input":{"@type":"PropertyValueSpecification","valueRequired":true,"valueName":"search_term_string"}}],"inLanguage":"en-US"}]}},"_links":{"self":[{"href":"https:\/\/yardratshop.com\/eng\/wp-json\/wp\/v2\/product\/53583","targetHints":{"allow":["GET"]}}],"collection":[{"href":"https:\/\/yardratshop.com\/eng\/wp-json\/wp\/v2\/product"}],"about":[{"href":"https:\/\/yardratshop.com\/eng\/wp-json\/wp\/v2\/types\/product"}],"version-history":[{"count":1,"href":"https:\/\/yardratshop.com\/eng\/wp-json\/wp\/v2\/product\/53583\/revisions"}],"predecessor-version":[{"id":53604,"href":"https:\/\/yardratshop.com\/eng\/wp-json\/wp\/v2\/product\/53583\/revisions\/53604"}],"wp:featuredmedia":[{"embeddable":true,"href":"https:\/\/yardratshop.com\/eng\/wp-json\/wp\/v2\/media\/53601"}],"wp:attachment":[{"href":"https:\/\/yardratshop.com\/eng\/wp-json\/wp\/v2\/media?parent=53583"}],"wp:term":[{"taxonomy":"product_brand","embeddable":true,"href":"https:\/\/yardratshop.com\/eng\/wp-json\/wp\/v2\/product_brand?post=53583"},{"taxonomy":"product_cat","embeddable":true,"href":"https:\/\/yardratshop.com\/eng\/wp-json\/wp\/v2\/product_cat?post=53583"},{"taxonomy":"product_tag","embeddable":true,"href":"https:\/\/yardratshop.com\/eng\/wp-json\/wp\/v2\/product_tag?post=53583"}],"curies":[{"name":"wp","href":"https:\/\/api.w.org\/{rel}","templated":true}]}}