{"id":6102,"date":"2025-04-01T22:28:45","date_gmt":"2025-04-01T20:28:45","guid":{"rendered":"https:\/\/yardratshop.com\/?post_type=product&#038;p=6102"},"modified":"2025-12-19T00:44:21","modified_gmt":"2025-12-18T23:44:21","slug":"zor-studio-dr-slump-kinoko-sarada","status":"publish","type":"product","link":"https:\/\/yardratshop.com\/eng\/product\/zor-studio-dr-slump-kinoko-sarada\/","title":{"rendered":"ZOR Studio &#8211; Dr. Slump &#8211; Kinoko Sarada"},"content":{"rendered":"","protected":false},"excerpt":{"rendered":"<p>Medidas: H15 x W16 x D9cm<\/p>\n<p>Fecha de entrega: Q3 2025<\/p>","protected":false},"featured_media":6108,"template":"","meta":[],"product_brand":[],"product_cat":[134,80,1057],"product_tag":[100,1015,221,1042,1060,924,1062,1059,1061,1058],"class_list":{"0":"post-6102","1":"product","2":"type-product","3":"status-publish","4":"has-post-thumbnail","6":"product_cat-dr-slump","7":"product_cat-anime","8":"product_cat-kinoko-sarada","9":"product_tag-anime","10":"product_tag-coleccion","11":"product_tag-dr-slump","12":"product_tag-estatua-coleccionable","13":"product_tag-estatuas-de-resina","14":"product_tag-figura-limitada","15":"product_tag-figuras-de-autor","16":"product_tag-kinoko-sarada","17":"product_tag-personajes-de-anime","18":"product_tag-zor-studio","19":"pa_altura-10-15cm","20":"pa_escala-otros","21":"pa_estado-preorder","22":"pa_estudio-zor-studio","23":"pa_tipo-estatua-de-resina","25":"first","26":"outofstock","27":"purchasable","28":"product-type-simple"},"yoast_head":"<!-- This site is optimized with the Yoast SEO plugin v27.6 - https:\/\/yoast.com\/product\/yoast-seo-wordpress\/ -->\n<title>ZOR Studio - Dr. Slump - Kinoko Sarada - Yardrat Shop<\/title>\n<meta name=\"description\" content=\"Estatua de Kinoko Sarada de Dr. Slump, de ZOR Studio. Detalles impresionantes y edici\u00f3n limitada. \u00a1A\u00f1ade esta pieza \u00fanica a tu colecci\u00f3n!\" \/>\n<meta name=\"robots\" content=\"index, follow, max-snippet:-1, max-image-preview:large, max-video-preview:-1\" \/>\n<link rel=\"canonical\" href=\"https:\/\/yardratshop.com\/eng\/product\/zor-studio-dr-slump-kinoko-sarada\/\" \/>\n<meta property=\"og:locale\" content=\"en_US\" \/>\n<meta property=\"og:type\" content=\"article\" \/>\n<meta property=\"og:title\" content=\"ZOR Studio - Dr. Slump - Kinoko Sarada - Yardrat Shop\" \/>\n<meta property=\"og:description\" content=\"Estatua de Kinoko Sarada de Dr. Slump, de ZOR Studio. Detalles impresionantes y edici\u00f3n limitada. \u00a1A\u00f1ade esta pieza \u00fanica a tu colecci\u00f3n!\" \/>\n<meta property=\"og:url\" content=\"https:\/\/yardratshop.com\/eng\/product\/zor-studio-dr-slump-kinoko-sarada\/\" \/>\n<meta property=\"og:site_name\" content=\"Yardrat Shop\" \/>\n<meta property=\"article:modified_time\" content=\"2025-12-18T23:44:21+00:00\" \/>\n<meta property=\"og:image\" content=\"https:\/\/yardratshop.com\/wp-content\/uploads\/2025\/04\/b6e71f088b053d9688b9cc4854805732.jpg\" \/>\n\t<meta property=\"og:image:width\" content=\"1200\" \/>\n\t<meta property=\"og:image:height\" content=\"899\" \/>\n\t<meta property=\"og:image:type\" content=\"image\/jpeg\" \/>\n<meta name=\"twitter:card\" content=\"summary_large_image\" \/>\n<meta name=\"twitter:label1\" content=\"Est. reading time\" \/>\n\t<meta name=\"twitter:data1\" content=\"1 minute\" \/>\n<script type=\"application\/ld+json\" class=\"yoast-schema-graph\">{\"@context\":\"https:\\\/\\\/schema.org\",\"@graph\":[{\"@type\":\"WebPage\",\"@id\":\"https:\\\/\\\/yardratshop.com\\\/producto\\\/zor-studio-dr-slump-kinoko-sarada\\\/\",\"url\":\"https:\\\/\\\/yardratshop.com\\\/producto\\\/zor-studio-dr-slump-kinoko-sarada\\\/\",\"name\":\"ZOR Studio - Dr. Slump - Kinoko Sarada - Yardrat Shop\",\"isPartOf\":{\"@id\":\"https:\\\/\\\/yardratshop.com\\\/#website\"},\"primaryImageOfPage\":{\"@id\":\"https:\\\/\\\/yardratshop.com\\\/producto\\\/zor-studio-dr-slump-kinoko-sarada\\\/#primaryimage\"},\"image\":{\"@id\":\"https:\\\/\\\/yardratshop.com\\\/producto\\\/zor-studio-dr-slump-kinoko-sarada\\\/#primaryimage\"},\"thumbnailUrl\":\"https:\\\/\\\/yardratshop.com\\\/wp-content\\\/uploads\\\/2025\\\/04\\\/b6e71f088b053d9688b9cc4854805732.jpg\",\"datePublished\":\"2025-04-01T20:28:45+00:00\",\"dateModified\":\"2025-12-18T23:44:21+00:00\",\"description\":\"Estatua de Kinoko Sarada de Dr. Slump, de ZOR Studio. Detalles impresionantes y edici\u00f3n limitada. \u00a1A\u00f1ade esta pieza \u00fanica a tu colecci\u00f3n!\",\"breadcrumb\":{\"@id\":\"https:\\\/\\\/yardratshop.com\\\/producto\\\/zor-studio-dr-slump-kinoko-sarada\\\/#breadcrumb\"},\"inLanguage\":\"en-US\",\"potentialAction\":[{\"@type\":\"ReadAction\",\"target\":[\"https:\\\/\\\/yardratshop.com\\\/producto\\\/zor-studio-dr-slump-kinoko-sarada\\\/\"]}]},{\"@type\":\"ImageObject\",\"inLanguage\":\"en-US\",\"@id\":\"https:\\\/\\\/yardratshop.com\\\/producto\\\/zor-studio-dr-slump-kinoko-sarada\\\/#primaryimage\",\"url\":\"https:\\\/\\\/yardratshop.com\\\/wp-content\\\/uploads\\\/2025\\\/04\\\/b6e71f088b053d9688b9cc4854805732.jpg\",\"contentUrl\":\"https:\\\/\\\/yardratshop.com\\\/wp-content\\\/uploads\\\/2025\\\/04\\\/b6e71f088b053d9688b9cc4854805732.jpg\",\"width\":1200,\"height\":899},{\"@type\":\"BreadcrumbList\",\"@id\":\"https:\\\/\\\/yardratshop.com\\\/producto\\\/zor-studio-dr-slump-kinoko-sarada\\\/#breadcrumb\",\"itemListElement\":[{\"@type\":\"ListItem\",\"position\":1,\"name\":\"Portada\",\"item\":\"https:\\\/\\\/yardratshop.com\\\/\"},{\"@type\":\"ListItem\",\"position\":2,\"name\":\"Tienda\",\"item\":\"https:\\\/\\\/yardratshop.com\\\/tienda\\\/\"},{\"@type\":\"ListItem\",\"position\":3,\"name\":\"ZOR Studio &#8211; Dr. Slump &#8211; Kinoko Sarada\"}]},{\"@type\":\"WebSite\",\"@id\":\"https:\\\/\\\/yardratshop.com\\\/#website\",\"url\":\"https:\\\/\\\/yardratshop.com\\\/\",\"name\":\"Yardrat Shop\",\"description\":\"Tu tienda exclusiva de figuras y estatuas\",\"potentialAction\":[{\"@type\":\"SearchAction\",\"target\":{\"@type\":\"EntryPoint\",\"urlTemplate\":\"https:\\\/\\\/yardratshop.com\\\/?s={search_term_string}\"},\"query-input\":{\"@type\":\"PropertyValueSpecification\",\"valueRequired\":true,\"valueName\":\"search_term_string\"}}],\"inLanguage\":\"en-US\"}]}<\/script>\n<!-- \/ Yoast SEO plugin. -->","yoast_head_json":{"title":"ZOR Studio - Dr. Slump - Kinoko Sarada - Yardrat Shop","description":"Estatua de Kinoko Sarada de Dr. Slump, de ZOR Studio. Detalles impresionantes y edici\u00f3n limitada. \u00a1A\u00f1ade esta pieza \u00fanica a tu colecci\u00f3n!","robots":{"index":"index","follow":"follow","max-snippet":"max-snippet:-1","max-image-preview":"max-image-preview:large","max-video-preview":"max-video-preview:-1"},"canonical":"https:\/\/yardratshop.com\/eng\/product\/zor-studio-dr-slump-kinoko-sarada\/","og_locale":"en_US","og_type":"article","og_title":"ZOR Studio - Dr. Slump - Kinoko Sarada - Yardrat Shop","og_description":"Estatua de Kinoko Sarada de Dr. Slump, de ZOR Studio. Detalles impresionantes y edici\u00f3n limitada. \u00a1A\u00f1ade esta pieza \u00fanica a tu colecci\u00f3n!","og_url":"https:\/\/yardratshop.com\/eng\/product\/zor-studio-dr-slump-kinoko-sarada\/","og_site_name":"Yardrat Shop","article_modified_time":"2025-12-18T23:44:21+00:00","og_image":[{"width":1200,"height":899,"url":"https:\/\/yardratshop.com\/wp-content\/uploads\/2025\/04\/b6e71f088b053d9688b9cc4854805732.jpg","type":"image\/jpeg"}],"twitter_card":"summary_large_image","twitter_misc":{"Est. reading time":"1 minute"},"schema":{"@context":"https:\/\/schema.org","@graph":[{"@type":"WebPage","@id":"https:\/\/yardratshop.com\/producto\/zor-studio-dr-slump-kinoko-sarada\/","url":"https:\/\/yardratshop.com\/producto\/zor-studio-dr-slump-kinoko-sarada\/","name":"ZOR Studio - Dr. Slump - Kinoko Sarada - Yardrat Shop","isPartOf":{"@id":"https:\/\/yardratshop.com\/#website"},"primaryImageOfPage":{"@id":"https:\/\/yardratshop.com\/producto\/zor-studio-dr-slump-kinoko-sarada\/#primaryimage"},"image":{"@id":"https:\/\/yardratshop.com\/producto\/zor-studio-dr-slump-kinoko-sarada\/#primaryimage"},"thumbnailUrl":"https:\/\/yardratshop.com\/wp-content\/uploads\/2025\/04\/b6e71f088b053d9688b9cc4854805732.jpg","datePublished":"2025-04-01T20:28:45+00:00","dateModified":"2025-12-18T23:44:21+00:00","description":"Estatua de Kinoko Sarada de Dr. Slump, de ZOR Studio. Detalles impresionantes y edici\u00f3n limitada. \u00a1A\u00f1ade esta pieza \u00fanica a tu colecci\u00f3n!","breadcrumb":{"@id":"https:\/\/yardratshop.com\/producto\/zor-studio-dr-slump-kinoko-sarada\/#breadcrumb"},"inLanguage":"en-US","potentialAction":[{"@type":"ReadAction","target":["https:\/\/yardratshop.com\/producto\/zor-studio-dr-slump-kinoko-sarada\/"]}]},{"@type":"ImageObject","inLanguage":"en-US","@id":"https:\/\/yardratshop.com\/producto\/zor-studio-dr-slump-kinoko-sarada\/#primaryimage","url":"https:\/\/yardratshop.com\/wp-content\/uploads\/2025\/04\/b6e71f088b053d9688b9cc4854805732.jpg","contentUrl":"https:\/\/yardratshop.com\/wp-content\/uploads\/2025\/04\/b6e71f088b053d9688b9cc4854805732.jpg","width":1200,"height":899},{"@type":"BreadcrumbList","@id":"https:\/\/yardratshop.com\/producto\/zor-studio-dr-slump-kinoko-sarada\/#breadcrumb","itemListElement":[{"@type":"ListItem","position":1,"name":"Portada","item":"https:\/\/yardratshop.com\/"},{"@type":"ListItem","position":2,"name":"Tienda","item":"https:\/\/yardratshop.com\/tienda\/"},{"@type":"ListItem","position":3,"name":"ZOR Studio &#8211; Dr. Slump &#8211; Kinoko Sarada"}]},{"@type":"WebSite","@id":"https:\/\/yardratshop.com\/#website","url":"https:\/\/yardratshop.com\/","name":"Yardrat Shop","description":"Tu tienda exclusiva de figuras y estatuas","potentialAction":[{"@type":"SearchAction","target":{"@type":"EntryPoint","urlTemplate":"https:\/\/yardratshop.com\/?s={search_term_string}"},"query-input":{"@type":"PropertyValueSpecification","valueRequired":true,"valueName":"search_term_string"}}],"inLanguage":"en-US"}]}},"_links":{"self":[{"href":"https:\/\/yardratshop.com\/eng\/wp-json\/wp\/v2\/product\/6102","targetHints":{"allow":["GET"]}}],"collection":[{"href":"https:\/\/yardratshop.com\/eng\/wp-json\/wp\/v2\/product"}],"about":[{"href":"https:\/\/yardratshop.com\/eng\/wp-json\/wp\/v2\/types\/product"}],"version-history":[{"count":1,"href":"https:\/\/yardratshop.com\/eng\/wp-json\/wp\/v2\/product\/6102\/revisions"}],"predecessor-version":[{"id":6112,"href":"https:\/\/yardratshop.com\/eng\/wp-json\/wp\/v2\/product\/6102\/revisions\/6112"}],"wp:featuredmedia":[{"embeddable":true,"href":"https:\/\/yardratshop.com\/eng\/wp-json\/wp\/v2\/media\/6108"}],"wp:attachment":[{"href":"https:\/\/yardratshop.com\/eng\/wp-json\/wp\/v2\/media?parent=6102"}],"wp:term":[{"taxonomy":"product_brand","embeddable":true,"href":"https:\/\/yardratshop.com\/eng\/wp-json\/wp\/v2\/product_brand?post=6102"},{"taxonomy":"product_cat","embeddable":true,"href":"https:\/\/yardratshop.com\/eng\/wp-json\/wp\/v2\/product_cat?post=6102"},{"taxonomy":"product_tag","embeddable":true,"href":"https:\/\/yardratshop.com\/eng\/wp-json\/wp\/v2\/product_tag?post=6102"}],"curies":[{"name":"wp","href":"https:\/\/api.w.org\/{rel}","templated":true}]}}