{"id":7525,"date":"2025-04-14T14:16:50","date_gmt":"2025-04-14T12:16:50","guid":{"rendered":"https:\/\/yardratshop.com\/?post_type=product&#038;p=7525"},"modified":"2025-12-19T00:43:54","modified_gmt":"2025-12-18T23:43:54","slug":"z-studio-dc-comics-replica-armas-batman-series-ben-affleck-edition","status":"publish","type":"product","link":"https:\/\/yardratshop.com\/eng\/product\/z-studio-dc-comics-replica-armas-batman-series-ben-affleck-edition\/","title":{"rendered":"Z Studio &#8211; DC Comics &#8211; R\u00e9plica Armas Batman Series (Ben Affleck Edition)"},"content":{"rendered":"","protected":false},"excerpt":{"rendered":"<p>Medidas: 1\/1<\/p>\n<p class=\"\" data-start=\"538\" data-end=\"566\"><strong data-start=\"538\" data-end=\"564\">Contenido del paquete:<\/strong><\/p>\n<ol data-start=\"567\" data-end=\"1624\">\n<li class=\"\" data-start=\"567\" data-end=\"612\">\n<p class=\"\" data-start=\"570\" data-end=\"612\">Lanzador de garfio 1:1 (tipo pistola) x1<\/p>\n<\/li>\n<li class=\"\" data-start=\"567\" data-end=\"612\">\n<p class=\"\" data-start=\"570\" data-end=\"612\">Lanzador de gancho de alta resistencia 1:1 x1<\/p>\n<\/li>\n<li class=\"\" data-start=\"664\" data-end=\"693\">\n<p class=\"\" data-start=\"667\" data-end=\"693\">Batarang met\u00e1lico 1:1 x3<\/p>\n<\/li>\n<li class=\"\" data-start=\"694\" data-end=\"743\">\n<p class=\"\" data-start=\"697\" data-end=\"743\">Garfio plegable 1:1 (modo almacenamiento) x2<\/p>\n<\/li>\n<li class=\"\" data-start=\"744\" data-end=\"791\">\n<p class=\"\" data-start=\"747\" data-end=\"791\">Garfio articulado 1:1 (modo desplegado) x1<\/p>\n<\/li>\n<li class=\"\" data-start=\"792\" data-end=\"838\">\n<p class=\"\" data-start=\"795\" data-end=\"838\">Hierro de marcar delitos 1:1 de Batman x1<\/p>\n<\/li>\n<li class=\"\" data-start=\"839\" data-end=\"882\">\n<p class=\"\" data-start=\"842\" data-end=\"882\">Set de planos t\u00e9cnicos de armas 1:1 x8<\/p>\n<\/li>\n<li class=\"\" data-start=\"883\" data-end=\"968\">\n<p class=\"\" data-start=\"886\" data-end=\"968\">Malet\u00edn de almacenamiento reforzado antirrobo con sistema de cierre cu\u00e1druple x1<\/p>\n<\/li>\n<li class=\"\" data-start=\"969\" data-end=\"1024\">\n<p class=\"\" data-start=\"972\" data-end=\"1024\">Placa de colecci\u00f3n numerada de edici\u00f3n limitada x1<\/p>\n<\/li>\n<li class=\"\" data-start=\"1025\" data-end=\"1144\">\n<p class=\"\" data-start=\"1029\" data-end=\"1144\"><strong data-start=\"1029\" data-end=\"1060\">[Bonificaci\u00f3n por preventa]<\/strong> Emblema de resina con el logo de Wayne Tech (pegatina para caja de transporte) x1<\/p>\n<\/li>\n<li class=\"\" data-start=\"1145\" data-end=\"1231\">\n<p class=\"\" data-start=\"1149\" data-end=\"1231\"><strong data-start=\"1149\" data-end=\"1180\">[Bonificaci\u00f3n por preventa]<\/strong> Soporte de exhibici\u00f3n para lanzador de garfio x1<\/p>\n<\/li>\n<li class=\"\" data-start=\"1232\" data-end=\"1345\">\n<p class=\"\" data-start=\"1236\" data-end=\"1345\"><strong data-start=\"1236\" data-end=\"1267\">[Bonificaci\u00f3n por preventa]<\/strong> R\u00e9plica en miniatura ultra detallada a escala 1\/6 del lanzador de garfio x1<\/p>\n<\/li>\n<li class=\"\" data-start=\"1346\" data-end=\"1419\">\n<p class=\"\" data-start=\"1350\" data-end=\"1419\"><strong data-start=\"1350\" data-end=\"1381\">[Bonificaci\u00f3n por preventa]<\/strong> Garfio en miniatura a escala 1\/6 x1<\/p>\n<\/li>\n<li class=\"\" data-start=\"1420\" data-end=\"1624\">\n<p class=\"\" data-start=\"1424\" data-end=\"1624\"><strong data-start=\"1424\" data-end=\"1455\">[Bonificaci\u00f3n por preventa]<\/strong> Paneles laterales intercambiables del lanzador de garfio a escala 1\/6 x2<br data-start=\"1528\" data-end=\"1531\" \/><em data-start=\"1531\" data-end=\"1622\">Bonificaciones disponibles solo durante el periodo de preventa, hasta agotar existencias.<\/em><\/p>\n<\/li>\n<\/ol>\n<p class=\"\" data-start=\"1626\" data-end=\"1833\"><strong data-start=\"1626\" data-end=\"1641\">Materiales:<\/strong> Resina PU importada, aleaci\u00f3n met\u00e1lica, papel premium con recubrimiento, policarbonato, pl\u00e1stico ABS, espuma tipo \u201cegg crate\u201d (compartimento B), espuma de algod\u00f3n perlado (compartimento C).<\/p>\n<p data-start=\"1626\" data-end=\"1833\">Fecha de entrega: Q4 2025<\/p>\n","protected":false},"featured_media":7549,"template":"","meta":[],"product_brand":[],"product_cat":[1195,160,159],"product_tag":[1612,1615,339,1611,1613,1614,1616,1617,1610,1410],"class_list":{"0":"post-7525","1":"product","2":"type-product","3":"status-publish","4":"has-post-thumbnail","6":"product_cat-batman","7":"product_cat-dc-comics","8":"product_cat-super-heroes","9":"product_tag-armas-de-batman","10":"product_tag-batarang","11":"product_tag-batman","12":"product_tag-ben-affleck","13":"product_tag-coleccion-limitada","14":"product_tag-figuras-de-cine","15":"product_tag-grappling-gun","16":"product_tag-preventa-exclusiva","17":"product_tag-replica-11","18":"product_tag-z-studio","19":"pa_altura-26-35cm","20":"pa_escala-1_1","21":"pa_estado-preorder","22":"pa_estudio-z-studio","23":"pa_tipo-estatua-de-resina","25":"first","26":"outofstock","27":"purchasable","28":"product-type-simple"},"yoast_head":"<!-- This site is optimized with the Yoast SEO plugin v27.3 - https:\/\/yoast.com\/product\/yoast-seo-wordpress\/ -->\n<title>Z Studio - DC Comics - R\u00e9plica Armas Batman Series (Ben Affleck Edition) - Yardrat Shop<\/title>\n<meta name=\"description\" content=\"Colecci\u00f3n de r\u00e9plicas de armas de Batman a escala 1:1, edici\u00f3n Ben Affleck. Incluye lanzadores de garfio, batarangs, accesorios exclusivos y malet\u00edn de colecci\u00f3n. Edici\u00f3n limitada de alta calidad.\" \/>\n<meta name=\"robots\" content=\"index, follow, max-snippet:-1, max-image-preview:large, max-video-preview:-1\" \/>\n<link rel=\"canonical\" href=\"https:\/\/yardratshop.com\/eng\/product\/z-studio-dc-comics-replica-armas-batman-series-ben-affleck-edition\/\" \/>\n<meta property=\"og:locale\" content=\"en_US\" \/>\n<meta property=\"og:type\" content=\"article\" \/>\n<meta property=\"og:title\" content=\"Z Studio - DC Comics - R\u00e9plica Armas Batman Series (Ben Affleck Edition) - Yardrat Shop\" \/>\n<meta property=\"og:description\" content=\"Colecci\u00f3n de r\u00e9plicas de armas de Batman a escala 1:1, edici\u00f3n Ben Affleck. Incluye lanzadores de garfio, batarangs, accesorios exclusivos y malet\u00edn de colecci\u00f3n. Edici\u00f3n limitada de alta calidad.\" \/>\n<meta property=\"og:url\" content=\"https:\/\/yardratshop.com\/eng\/product\/z-studio-dc-comics-replica-armas-batman-series-ben-affleck-edition\/\" \/>\n<meta property=\"og:site_name\" content=\"Yardrat Shop\" \/>\n<meta property=\"article:modified_time\" content=\"2025-12-18T23:43:54+00:00\" \/>\n<meta property=\"og:image\" content=\"https:\/\/yardratshop.com\/wp-content\/uploads\/2025\/04\/30d7ac26a18d2fd5bd777fdd7d86a3ed.jpg\" \/>\n\t<meta property=\"og:image:width\" content=\"1060\" \/>\n\t<meta property=\"og:image:height\" content=\"1600\" \/>\n\t<meta property=\"og:image:type\" content=\"image\/jpeg\" \/>\n<meta name=\"twitter:card\" content=\"summary_large_image\" \/>\n<meta name=\"twitter:label1\" content=\"Est. reading time\" \/>\n\t<meta name=\"twitter:data1\" content=\"1 minute\" \/>\n<script type=\"application\/ld+json\" class=\"yoast-schema-graph\">{\"@context\":\"https:\\\/\\\/schema.org\",\"@graph\":[{\"@type\":\"WebPage\",\"@id\":\"https:\\\/\\\/yardratshop.com\\\/producto\\\/z-studio-dc-comics-replica-armas-batman-series-ben-affleck-edition\\\/\",\"url\":\"https:\\\/\\\/yardratshop.com\\\/producto\\\/z-studio-dc-comics-replica-armas-batman-series-ben-affleck-edition\\\/\",\"name\":\"Z Studio - DC Comics - R\u00e9plica Armas Batman Series (Ben Affleck Edition) - Yardrat Shop\",\"isPartOf\":{\"@id\":\"https:\\\/\\\/yardratshop.com\\\/#website\"},\"primaryImageOfPage\":{\"@id\":\"https:\\\/\\\/yardratshop.com\\\/producto\\\/z-studio-dc-comics-replica-armas-batman-series-ben-affleck-edition\\\/#primaryimage\"},\"image\":{\"@id\":\"https:\\\/\\\/yardratshop.com\\\/producto\\\/z-studio-dc-comics-replica-armas-batman-series-ben-affleck-edition\\\/#primaryimage\"},\"thumbnailUrl\":\"https:\\\/\\\/yardratshop.com\\\/wp-content\\\/uploads\\\/2025\\\/04\\\/30d7ac26a18d2fd5bd777fdd7d86a3ed.jpg\",\"datePublished\":\"2025-04-14T12:16:50+00:00\",\"dateModified\":\"2025-12-18T23:43:54+00:00\",\"description\":\"Colecci\u00f3n de r\u00e9plicas de armas de Batman a escala 1:1, edici\u00f3n Ben Affleck. Incluye lanzadores de garfio, batarangs, accesorios exclusivos y malet\u00edn de colecci\u00f3n. Edici\u00f3n limitada de alta calidad.\",\"breadcrumb\":{\"@id\":\"https:\\\/\\\/yardratshop.com\\\/producto\\\/z-studio-dc-comics-replica-armas-batman-series-ben-affleck-edition\\\/#breadcrumb\"},\"inLanguage\":\"en-US\",\"potentialAction\":[{\"@type\":\"ReadAction\",\"target\":[\"https:\\\/\\\/yardratshop.com\\\/producto\\\/z-studio-dc-comics-replica-armas-batman-series-ben-affleck-edition\\\/\"]}]},{\"@type\":\"ImageObject\",\"inLanguage\":\"en-US\",\"@id\":\"https:\\\/\\\/yardratshop.com\\\/producto\\\/z-studio-dc-comics-replica-armas-batman-series-ben-affleck-edition\\\/#primaryimage\",\"url\":\"https:\\\/\\\/yardratshop.com\\\/wp-content\\\/uploads\\\/2025\\\/04\\\/30d7ac26a18d2fd5bd777fdd7d86a3ed.jpg\",\"contentUrl\":\"https:\\\/\\\/yardratshop.com\\\/wp-content\\\/uploads\\\/2025\\\/04\\\/30d7ac26a18d2fd5bd777fdd7d86a3ed.jpg\",\"width\":1060,\"height\":1600},{\"@type\":\"BreadcrumbList\",\"@id\":\"https:\\\/\\\/yardratshop.com\\\/producto\\\/z-studio-dc-comics-replica-armas-batman-series-ben-affleck-edition\\\/#breadcrumb\",\"itemListElement\":[{\"@type\":\"ListItem\",\"position\":1,\"name\":\"Portada\",\"item\":\"https:\\\/\\\/yardratshop.com\\\/\"},{\"@type\":\"ListItem\",\"position\":2,\"name\":\"Tienda\",\"item\":\"https:\\\/\\\/yardratshop.com\\\/tienda\\\/\"},{\"@type\":\"ListItem\",\"position\":3,\"name\":\"Z Studio &#8211; DC Comics &#8211; R\u00e9plica Armas Batman Series (Ben Affleck Edition)\"}]},{\"@type\":\"WebSite\",\"@id\":\"https:\\\/\\\/yardratshop.com\\\/#website\",\"url\":\"https:\\\/\\\/yardratshop.com\\\/\",\"name\":\"Yardrat Shop\",\"description\":\"Tu tienda exclusiva de figuras y estatuas\",\"potentialAction\":[{\"@type\":\"SearchAction\",\"target\":{\"@type\":\"EntryPoint\",\"urlTemplate\":\"https:\\\/\\\/yardratshop.com\\\/?s={search_term_string}\"},\"query-input\":{\"@type\":\"PropertyValueSpecification\",\"valueRequired\":true,\"valueName\":\"search_term_string\"}}],\"inLanguage\":\"en-US\"}]}<\/script>\n<!-- \/ Yoast SEO plugin. -->","yoast_head_json":{"title":"Z Studio - DC Comics - R\u00e9plica Armas Batman Series (Ben Affleck Edition) - Yardrat Shop","description":"Colecci\u00f3n de r\u00e9plicas de armas de Batman a escala 1:1, edici\u00f3n Ben Affleck. Incluye lanzadores de garfio, batarangs, accesorios exclusivos y malet\u00edn de colecci\u00f3n. Edici\u00f3n limitada de alta calidad.","robots":{"index":"index","follow":"follow","max-snippet":"max-snippet:-1","max-image-preview":"max-image-preview:large","max-video-preview":"max-video-preview:-1"},"canonical":"https:\/\/yardratshop.com\/eng\/product\/z-studio-dc-comics-replica-armas-batman-series-ben-affleck-edition\/","og_locale":"en_US","og_type":"article","og_title":"Z Studio - DC Comics - R\u00e9plica Armas Batman Series (Ben Affleck Edition) - Yardrat Shop","og_description":"Colecci\u00f3n de r\u00e9plicas de armas de Batman a escala 1:1, edici\u00f3n Ben Affleck. Incluye lanzadores de garfio, batarangs, accesorios exclusivos y malet\u00edn de colecci\u00f3n. Edici\u00f3n limitada de alta calidad.","og_url":"https:\/\/yardratshop.com\/eng\/product\/z-studio-dc-comics-replica-armas-batman-series-ben-affleck-edition\/","og_site_name":"Yardrat Shop","article_modified_time":"2025-12-18T23:43:54+00:00","og_image":[{"width":1060,"height":1600,"url":"https:\/\/yardratshop.com\/wp-content\/uploads\/2025\/04\/30d7ac26a18d2fd5bd777fdd7d86a3ed.jpg","type":"image\/jpeg"}],"twitter_card":"summary_large_image","twitter_misc":{"Est. reading time":"1 minute"},"schema":{"@context":"https:\/\/schema.org","@graph":[{"@type":"WebPage","@id":"https:\/\/yardratshop.com\/producto\/z-studio-dc-comics-replica-armas-batman-series-ben-affleck-edition\/","url":"https:\/\/yardratshop.com\/producto\/z-studio-dc-comics-replica-armas-batman-series-ben-affleck-edition\/","name":"Z Studio - DC Comics - R\u00e9plica Armas Batman Series (Ben Affleck Edition) - Yardrat Shop","isPartOf":{"@id":"https:\/\/yardratshop.com\/#website"},"primaryImageOfPage":{"@id":"https:\/\/yardratshop.com\/producto\/z-studio-dc-comics-replica-armas-batman-series-ben-affleck-edition\/#primaryimage"},"image":{"@id":"https:\/\/yardratshop.com\/producto\/z-studio-dc-comics-replica-armas-batman-series-ben-affleck-edition\/#primaryimage"},"thumbnailUrl":"https:\/\/yardratshop.com\/wp-content\/uploads\/2025\/04\/30d7ac26a18d2fd5bd777fdd7d86a3ed.jpg","datePublished":"2025-04-14T12:16:50+00:00","dateModified":"2025-12-18T23:43:54+00:00","description":"Colecci\u00f3n de r\u00e9plicas de armas de Batman a escala 1:1, edici\u00f3n Ben Affleck. Incluye lanzadores de garfio, batarangs, accesorios exclusivos y malet\u00edn de colecci\u00f3n. Edici\u00f3n limitada de alta calidad.","breadcrumb":{"@id":"https:\/\/yardratshop.com\/producto\/z-studio-dc-comics-replica-armas-batman-series-ben-affleck-edition\/#breadcrumb"},"inLanguage":"en-US","potentialAction":[{"@type":"ReadAction","target":["https:\/\/yardratshop.com\/producto\/z-studio-dc-comics-replica-armas-batman-series-ben-affleck-edition\/"]}]},{"@type":"ImageObject","inLanguage":"en-US","@id":"https:\/\/yardratshop.com\/producto\/z-studio-dc-comics-replica-armas-batman-series-ben-affleck-edition\/#primaryimage","url":"https:\/\/yardratshop.com\/wp-content\/uploads\/2025\/04\/30d7ac26a18d2fd5bd777fdd7d86a3ed.jpg","contentUrl":"https:\/\/yardratshop.com\/wp-content\/uploads\/2025\/04\/30d7ac26a18d2fd5bd777fdd7d86a3ed.jpg","width":1060,"height":1600},{"@type":"BreadcrumbList","@id":"https:\/\/yardratshop.com\/producto\/z-studio-dc-comics-replica-armas-batman-series-ben-affleck-edition\/#breadcrumb","itemListElement":[{"@type":"ListItem","position":1,"name":"Portada","item":"https:\/\/yardratshop.com\/"},{"@type":"ListItem","position":2,"name":"Tienda","item":"https:\/\/yardratshop.com\/tienda\/"},{"@type":"ListItem","position":3,"name":"Z Studio &#8211; DC Comics &#8211; R\u00e9plica Armas Batman Series (Ben Affleck Edition)"}]},{"@type":"WebSite","@id":"https:\/\/yardratshop.com\/#website","url":"https:\/\/yardratshop.com\/","name":"Yardrat Shop","description":"Tu tienda exclusiva de figuras y estatuas","potentialAction":[{"@type":"SearchAction","target":{"@type":"EntryPoint","urlTemplate":"https:\/\/yardratshop.com\/?s={search_term_string}"},"query-input":{"@type":"PropertyValueSpecification","valueRequired":true,"valueName":"search_term_string"}}],"inLanguage":"en-US"}]}},"_links":{"self":[{"href":"https:\/\/yardratshop.com\/eng\/wp-json\/wp\/v2\/product\/7525","targetHints":{"allow":["GET"]}}],"collection":[{"href":"https:\/\/yardratshop.com\/eng\/wp-json\/wp\/v2\/product"}],"about":[{"href":"https:\/\/yardratshop.com\/eng\/wp-json\/wp\/v2\/types\/product"}],"version-history":[{"count":1,"href":"https:\/\/yardratshop.com\/eng\/wp-json\/wp\/v2\/product\/7525\/revisions"}],"predecessor-version":[{"id":7552,"href":"https:\/\/yardratshop.com\/eng\/wp-json\/wp\/v2\/product\/7525\/revisions\/7552"}],"wp:featuredmedia":[{"embeddable":true,"href":"https:\/\/yardratshop.com\/eng\/wp-json\/wp\/v2\/media\/7549"}],"wp:attachment":[{"href":"https:\/\/yardratshop.com\/eng\/wp-json\/wp\/v2\/media?parent=7525"}],"wp:term":[{"taxonomy":"product_brand","embeddable":true,"href":"https:\/\/yardratshop.com\/eng\/wp-json\/wp\/v2\/product_brand?post=7525"},{"taxonomy":"product_cat","embeddable":true,"href":"https:\/\/yardratshop.com\/eng\/wp-json\/wp\/v2\/product_cat?post=7525"},{"taxonomy":"product_tag","embeddable":true,"href":"https:\/\/yardratshop.com\/eng\/wp-json\/wp\/v2\/product_tag?post=7525"}],"curies":[{"name":"wp","href":"https:\/\/api.w.org\/{rel}","templated":true}]}}