{"id":78502,"date":"2026-04-10T12:17:33","date_gmt":"2026-04-10T10:17:33","guid":{"rendered":"https:\/\/yardratshop.com\/?post_type=product&#038;p=78502"},"modified":"2026-04-10T18:35:29","modified_gmt":"2026-04-10T16:35:29","slug":"inart-collectibles-dc-movies-bvs-dawn-of-justice-batman","status":"publish","type":"product","link":"https:\/\/yardratshop.com\/eng\/product\/inart-collectibles-dc-movies-bvs-dawn-of-justice-batman\/","title":{"rendered":"InArt Collectibles &#8211; DC Movies &#8211; BvS: Dawn of Justice &#8211; Batman"},"content":{"rendered":"","protected":false},"excerpt":{"rendered":"<p><strong>Medidas: <\/strong>H35.8 x W14 x D11cm<br \/>\n<strong>Material: <\/strong><span style=\"font-family: SuisseIntlTrial-Book, sans-serif;font-size: 16px;font-style: normal;font-weight: 400;letter-spacing: normal;text-align: left;text-indent: 0px;text-transform: none;text-decoration: none;float: none\">PVC, ABS, Die-cast, Silicone, Real Fabric, etc.<br \/>\n<\/span><strong>Fecha de entrega: <\/strong>Q2 2027<br \/>\n<strong>Fecha limite de reserva: <\/strong>\u00a08 Junio<\/p>","protected":false},"featured_media":78528,"template":"","meta":[],"product_brand":[],"product_cat":[3742,3741,3456,153],"product_tag":[],"class_list":{"0":"post-78502","1":"product","2":"type-product","3":"status-publish","4":"has-post-thumbnail","6":"product_cat-batman-bvs-dawn-of-justice","7":"product_cat-bvs-dawn-of-justice","8":"product_cat-cierran-pronto","9":"product_cat-peliculas","10":"pa_altura-26-35cm","11":"pa_escala-escala_1_6","12":"pa_estado-preorder","13":"pa_estudio-inart","14":"pa_tipo-figura-articulada","16":"first","17":"instock","18":"featured","19":"purchasable","20":"product-type-simple"},"yoast_head":"<!-- This site is optimized with the Yoast SEO plugin v27.3 - https:\/\/yoast.com\/product\/yoast-seo-wordpress\/ -->\n<title>InArt Batman 1\/6 BvS | Figura Premium Coleccionista DC Zack Snyder | Edici\u00f3n Detallada<\/title>\n<meta name=\"description\" content=\"Figura articulada 1\/6 de Catwoman (InArt Collectibles \u2013 DC Movies). Edici\u00f3n premium para coleccionistas exigentes, con detalles hiperrealistas y accesorios completos. Env\u00edo seguro y opci\u00f3n de reserva.\" \/>\n<meta name=\"robots\" content=\"index, follow, max-snippet:-1, max-image-preview:large, max-video-preview:-1\" \/>\n<link rel=\"canonical\" href=\"https:\/\/yardratshop.com\/eng\/product\/inart-collectibles-dc-movies-bvs-dawn-of-justice-batman\/\" \/>\n<meta property=\"og:locale\" content=\"en_US\" \/>\n<meta property=\"og:type\" content=\"article\" \/>\n<meta property=\"og:title\" content=\"InArt Batman 1\/6 BvS | Figura Premium Coleccionista DC Zack Snyder | Edici\u00f3n Detallada\" \/>\n<meta property=\"og:description\" content=\"Figura articulada 1\/6 de Catwoman (InArt Collectibles \u2013 DC Movies). Edici\u00f3n premium para coleccionistas exigentes, con detalles hiperrealistas y accesorios completos. Env\u00edo seguro y opci\u00f3n de reserva.\" \/>\n<meta property=\"og:url\" content=\"https:\/\/yardratshop.com\/eng\/product\/inart-collectibles-dc-movies-bvs-dawn-of-justice-batman\/\" \/>\n<meta property=\"og:site_name\" content=\"Yardrat Shop\" \/>\n<meta property=\"article:modified_time\" content=\"2026-04-10T16:35:29+00:00\" \/>\n<meta property=\"og:image\" content=\"https:\/\/yardratshop.com\/wp-content\/uploads\/2026\/04\/img-4663.jpg\" \/>\n\t<meta property=\"og:image:width\" content=\"790\" \/>\n\t<meta property=\"og:image:height\" content=\"988\" \/>\n\t<meta property=\"og:image:type\" content=\"image\/jpeg\" \/>\n<meta name=\"twitter:card\" content=\"summary_large_image\" \/>\n<meta name=\"twitter:label1\" content=\"Est. reading time\" \/>\n\t<meta name=\"twitter:data1\" content=\"1 minute\" \/>\n<script type=\"application\/ld+json\" class=\"yoast-schema-graph\">{\"@context\":\"https:\\\/\\\/schema.org\",\"@graph\":[{\"@type\":\"WebPage\",\"@id\":\"https:\\\/\\\/yardratshop.com\\\/producto\\\/inart-collectibles-dc-movies-bvs-dawn-of-justice-batman\\\/\",\"url\":\"https:\\\/\\\/yardratshop.com\\\/producto\\\/inart-collectibles-dc-movies-bvs-dawn-of-justice-batman\\\/\",\"name\":\"InArt Batman 1\\\/6 BvS | Figura Premium Coleccionista DC Zack Snyder | Edici\u00f3n Detallada\",\"isPartOf\":{\"@id\":\"https:\\\/\\\/yardratshop.com\\\/#website\"},\"primaryImageOfPage\":{\"@id\":\"https:\\\/\\\/yardratshop.com\\\/producto\\\/inart-collectibles-dc-movies-bvs-dawn-of-justice-batman\\\/#primaryimage\"},\"image\":{\"@id\":\"https:\\\/\\\/yardratshop.com\\\/producto\\\/inart-collectibles-dc-movies-bvs-dawn-of-justice-batman\\\/#primaryimage\"},\"thumbnailUrl\":\"https:\\\/\\\/yardratshop.com\\\/wp-content\\\/uploads\\\/2026\\\/04\\\/img-4663.jpg\",\"datePublished\":\"2026-04-10T10:17:33+00:00\",\"dateModified\":\"2026-04-10T16:35:29+00:00\",\"description\":\"Figura articulada 1\\\/6 de Catwoman (InArt Collectibles \u2013 DC Movies). Edici\u00f3n premium para coleccionistas exigentes, con detalles hiperrealistas y accesorios completos. Env\u00edo seguro y opci\u00f3n de reserva.\",\"breadcrumb\":{\"@id\":\"https:\\\/\\\/yardratshop.com\\\/producto\\\/inart-collectibles-dc-movies-bvs-dawn-of-justice-batman\\\/#breadcrumb\"},\"inLanguage\":\"en-US\",\"potentialAction\":[{\"@type\":\"ReadAction\",\"target\":[\"https:\\\/\\\/yardratshop.com\\\/producto\\\/inart-collectibles-dc-movies-bvs-dawn-of-justice-batman\\\/\"]}]},{\"@type\":\"ImageObject\",\"inLanguage\":\"en-US\",\"@id\":\"https:\\\/\\\/yardratshop.com\\\/producto\\\/inart-collectibles-dc-movies-bvs-dawn-of-justice-batman\\\/#primaryimage\",\"url\":\"https:\\\/\\\/yardratshop.com\\\/wp-content\\\/uploads\\\/2026\\\/04\\\/img-4663.jpg\",\"contentUrl\":\"https:\\\/\\\/yardratshop.com\\\/wp-content\\\/uploads\\\/2026\\\/04\\\/img-4663.jpg\",\"width\":790,\"height\":988,\"caption\":\"IMG 4663\"},{\"@type\":\"BreadcrumbList\",\"@id\":\"https:\\\/\\\/yardratshop.com\\\/producto\\\/inart-collectibles-dc-movies-bvs-dawn-of-justice-batman\\\/#breadcrumb\",\"itemListElement\":[{\"@type\":\"ListItem\",\"position\":1,\"name\":\"Portada\",\"item\":\"https:\\\/\\\/yardratshop.com\\\/\"},{\"@type\":\"ListItem\",\"position\":2,\"name\":\"Tienda\",\"item\":\"https:\\\/\\\/yardratshop.com\\\/tienda\\\/\"},{\"@type\":\"ListItem\",\"position\":3,\"name\":\"InArt Collectibles &#8211; DC Movies &#8211; BvS: Dawn of Justice &#8211; Batman\"}]},{\"@type\":\"WebSite\",\"@id\":\"https:\\\/\\\/yardratshop.com\\\/#website\",\"url\":\"https:\\\/\\\/yardratshop.com\\\/\",\"name\":\"Yardrat Shop\",\"description\":\"Tu tienda exclusiva de figuras y estatuas\",\"potentialAction\":[{\"@type\":\"SearchAction\",\"target\":{\"@type\":\"EntryPoint\",\"urlTemplate\":\"https:\\\/\\\/yardratshop.com\\\/?s={search_term_string}\"},\"query-input\":{\"@type\":\"PropertyValueSpecification\",\"valueRequired\":true,\"valueName\":\"search_term_string\"}}],\"inLanguage\":\"en-US\"}]}<\/script>\n<!-- \/ Yoast SEO plugin. -->","yoast_head_json":{"title":"InArt Batman 1\/6 BvS | Figura Premium Coleccionista DC Zack Snyder | Edici\u00f3n Detallada","description":"Figura articulada 1\/6 de Catwoman (InArt Collectibles \u2013 DC Movies). Edici\u00f3n premium para coleccionistas exigentes, con detalles hiperrealistas y accesorios completos. Env\u00edo seguro y opci\u00f3n de reserva.","robots":{"index":"index","follow":"follow","max-snippet":"max-snippet:-1","max-image-preview":"max-image-preview:large","max-video-preview":"max-video-preview:-1"},"canonical":"https:\/\/yardratshop.com\/eng\/product\/inart-collectibles-dc-movies-bvs-dawn-of-justice-batman\/","og_locale":"en_US","og_type":"article","og_title":"InArt Batman 1\/6 BvS | Figura Premium Coleccionista DC Zack Snyder | Edici\u00f3n Detallada","og_description":"Figura articulada 1\/6 de Catwoman (InArt Collectibles \u2013 DC Movies). Edici\u00f3n premium para coleccionistas exigentes, con detalles hiperrealistas y accesorios completos. Env\u00edo seguro y opci\u00f3n de reserva.","og_url":"https:\/\/yardratshop.com\/eng\/product\/inart-collectibles-dc-movies-bvs-dawn-of-justice-batman\/","og_site_name":"Yardrat Shop","article_modified_time":"2026-04-10T16:35:29+00:00","og_image":[{"width":790,"height":988,"url":"https:\/\/yardratshop.com\/wp-content\/uploads\/2026\/04\/img-4663.jpg","type":"image\/jpeg"}],"twitter_card":"summary_large_image","twitter_misc":{"Est. reading time":"1 minute"},"schema":{"@context":"https:\/\/schema.org","@graph":[{"@type":"WebPage","@id":"https:\/\/yardratshop.com\/producto\/inart-collectibles-dc-movies-bvs-dawn-of-justice-batman\/","url":"https:\/\/yardratshop.com\/producto\/inart-collectibles-dc-movies-bvs-dawn-of-justice-batman\/","name":"InArt Batman 1\/6 BvS | Figura Premium Coleccionista DC Zack Snyder | Edici\u00f3n Detallada","isPartOf":{"@id":"https:\/\/yardratshop.com\/#website"},"primaryImageOfPage":{"@id":"https:\/\/yardratshop.com\/producto\/inart-collectibles-dc-movies-bvs-dawn-of-justice-batman\/#primaryimage"},"image":{"@id":"https:\/\/yardratshop.com\/producto\/inart-collectibles-dc-movies-bvs-dawn-of-justice-batman\/#primaryimage"},"thumbnailUrl":"https:\/\/yardratshop.com\/wp-content\/uploads\/2026\/04\/img-4663.jpg","datePublished":"2026-04-10T10:17:33+00:00","dateModified":"2026-04-10T16:35:29+00:00","description":"Figura articulada 1\/6 de Catwoman (InArt Collectibles \u2013 DC Movies). Edici\u00f3n premium para coleccionistas exigentes, con detalles hiperrealistas y accesorios completos. Env\u00edo seguro y opci\u00f3n de reserva.","breadcrumb":{"@id":"https:\/\/yardratshop.com\/producto\/inart-collectibles-dc-movies-bvs-dawn-of-justice-batman\/#breadcrumb"},"inLanguage":"en-US","potentialAction":[{"@type":"ReadAction","target":["https:\/\/yardratshop.com\/producto\/inart-collectibles-dc-movies-bvs-dawn-of-justice-batman\/"]}]},{"@type":"ImageObject","inLanguage":"en-US","@id":"https:\/\/yardratshop.com\/producto\/inart-collectibles-dc-movies-bvs-dawn-of-justice-batman\/#primaryimage","url":"https:\/\/yardratshop.com\/wp-content\/uploads\/2026\/04\/img-4663.jpg","contentUrl":"https:\/\/yardratshop.com\/wp-content\/uploads\/2026\/04\/img-4663.jpg","width":790,"height":988,"caption":"IMG 4663"},{"@type":"BreadcrumbList","@id":"https:\/\/yardratshop.com\/producto\/inart-collectibles-dc-movies-bvs-dawn-of-justice-batman\/#breadcrumb","itemListElement":[{"@type":"ListItem","position":1,"name":"Portada","item":"https:\/\/yardratshop.com\/"},{"@type":"ListItem","position":2,"name":"Tienda","item":"https:\/\/yardratshop.com\/tienda\/"},{"@type":"ListItem","position":3,"name":"InArt Collectibles &#8211; DC Movies &#8211; BvS: Dawn of Justice &#8211; Batman"}]},{"@type":"WebSite","@id":"https:\/\/yardratshop.com\/#website","url":"https:\/\/yardratshop.com\/","name":"Yardrat Shop","description":"Tu tienda exclusiva de figuras y estatuas","potentialAction":[{"@type":"SearchAction","target":{"@type":"EntryPoint","urlTemplate":"https:\/\/yardratshop.com\/?s={search_term_string}"},"query-input":{"@type":"PropertyValueSpecification","valueRequired":true,"valueName":"search_term_string"}}],"inLanguage":"en-US"}]}},"_links":{"self":[{"href":"https:\/\/yardratshop.com\/eng\/wp-json\/wp\/v2\/product\/78502","targetHints":{"allow":["GET"]}}],"collection":[{"href":"https:\/\/yardratshop.com\/eng\/wp-json\/wp\/v2\/product"}],"about":[{"href":"https:\/\/yardratshop.com\/eng\/wp-json\/wp\/v2\/types\/product"}],"version-history":[{"count":3,"href":"https:\/\/yardratshop.com\/eng\/wp-json\/wp\/v2\/product\/78502\/revisions"}],"predecessor-version":[{"id":79232,"href":"https:\/\/yardratshop.com\/eng\/wp-json\/wp\/v2\/product\/78502\/revisions\/79232"}],"wp:featuredmedia":[{"embeddable":true,"href":"https:\/\/yardratshop.com\/eng\/wp-json\/wp\/v2\/media\/78528"}],"wp:attachment":[{"href":"https:\/\/yardratshop.com\/eng\/wp-json\/wp\/v2\/media?parent=78502"}],"wp:term":[{"taxonomy":"product_brand","embeddable":true,"href":"https:\/\/yardratshop.com\/eng\/wp-json\/wp\/v2\/product_brand?post=78502"},{"taxonomy":"product_cat","embeddable":true,"href":"https:\/\/yardratshop.com\/eng\/wp-json\/wp\/v2\/product_cat?post=78502"},{"taxonomy":"product_tag","embeddable":true,"href":"https:\/\/yardratshop.com\/eng\/wp-json\/wp\/v2\/product_tag?post=78502"}],"curies":[{"name":"wp","href":"https:\/\/api.w.org\/{rel}","templated":true}]}}