{"id":8338,"date":"2025-04-24T20:20:16","date_gmt":"2025-04-24T18:20:16","guid":{"rendered":"https:\/\/yardratshop.com\/?post_type=product&#038;p=8338"},"modified":"2025-12-19T00:45:06","modified_gmt":"2025-12-18T23:45:06","slug":"prime-1-studio-alien-vs-predator-requiem-wolf-predator","status":"publish","type":"product","link":"https:\/\/yardratshop.com\/eng\/product\/prime-1-studio-alien-vs-predator-requiem-wolf-predator\/","title":{"rendered":"Prime 1 Studio &#8211; Alien vs Predator: Requiem &#8211; Wolf Predator"},"content":{"rendered":"","protected":false},"excerpt":{"rendered":"<p><strong>Medidas:\u00a0<\/strong>H95 x W85 x D65cm (4 cajas)<br \/>\n<strong>Material:\u00a0<\/strong>Polystone y otros materiales<br \/>\n<strong>Fecha de entrega:\u00a0<\/strong>Q4 2026-Q1 2027<\/p>\n<p><strong>Incluye:<\/strong><\/p>\n<p class=\"\" data-start=\"51\" data-end=\"72\"><strong data-start=\"51\" data-end=\"72\">Especificaciones (Deluxe)<\/strong><\/p>\n<ul data-start=\"74\" data-end=\"1163\">\n<li class=\"\" data-start=\"74\" data-end=\"125\">\n<p class=\"\" data-start=\"76\" data-end=\"125\">Base tem\u00e1tica de <em data-start=\"93\" data-end=\"123\">Aliens vs. Predator: Requiem<\/em><\/p>\n<\/li>\n<li class=\"\" data-start=\"126\" data-end=\"208\">\n<p class=\"\" data-start=\"128\" data-end=\"208\">Tres (3) cabezas intercambiables (con m\u00e1scara, sin m\u00e1scara [seria \/ rugiendo])<\/p>\n<\/li>\n<li class=\"\" data-start=\"209\" data-end=\"297\">\n<p class=\"\" data-start=\"211\" data-end=\"297\">Cuatro (4) manos derechas intercambiables (pu\u00f1o, lanza combistick, shuriken, l\u00e1tigo)<\/p>\n<\/li>\n<li class=\"\" data-start=\"298\" data-end=\"388\">\n<p class=\"\" data-start=\"300\" data-end=\"388\">Tres (3) brazos izquierdos intercambiables (hacia abajo, se\u00f1alando, pistola de plasma)<\/p>\n<\/li>\n<li class=\"\" data-start=\"389\" data-end=\"492\">\n<p class=\"\" data-start=\"391\" data-end=\"492\">Tres (3) manos izquierdas intercambiables para el brazo hacia abajo (pu\u00f1o, palma abierta, shuriken)<\/p>\n<\/li>\n<li class=\"\" data-start=\"493\" data-end=\"577\">\n<p class=\"\" data-start=\"495\" data-end=\"577\">Dos (2) juegos de segmentos intercambiables del combistick (extendido, retra\u00eddo)<\/p>\n<\/li>\n<li class=\"\" data-start=\"578\" data-end=\"649\">\n<p class=\"\" data-start=\"580\" data-end=\"649\">Dos (2) cuchillas de mu\u00f1eca intercambiables (extendidas, retra\u00eddas)<\/p>\n<\/li>\n<li class=\"\" data-start=\"650\" data-end=\"719\">\n<p class=\"\" data-start=\"652\" data-end=\"719\">Dos (2) ca\u00f1ones de plasma intercambiables (extendidos, retra\u00eddos)<\/p>\n<\/li>\n<li class=\"\" data-start=\"720\" data-end=\"799\">\n<p class=\"\" data-start=\"722\" data-end=\"799\">Dos (2) mochilas intercambiables (equipamiento pesado, equipamiento ligero)<\/p>\n<\/li>\n<li class=\"\" data-start=\"800\" data-end=\"858\">\n<p class=\"\" data-start=\"802\" data-end=\"858\">Dos (2) viales de l\u00edquido disolvente (sin usar, usado)<\/p>\n<\/li>\n<li class=\"\" data-start=\"859\" data-end=\"924\">\n<p class=\"\" data-start=\"861\" data-end=\"924\">Tres (3) placas de logotipo del t\u00edtulo (plateado, negro, AVP)<\/p>\n<\/li>\n<li class=\"\" data-start=\"925\" data-end=\"958\">\n<p class=\"\" data-start=\"927\" data-end=\"958\">Dos (2) soportes para cabezas<\/p>\n<\/li>\n<li class=\"\" data-start=\"959\" data-end=\"1046\">\n<p class=\"\" data-start=\"961\" data-end=\"1046\">Funci\u00f3n de iluminaci\u00f3n LED (m\u00e1scara, brazalete, ca\u00f1\u00f3n de plasma, pistola de plasma)<\/p>\n<\/li>\n<li class=\"\" data-start=\"1047\" data-end=\"1103\">\n<p class=\"\" data-start=\"1049\" data-end=\"1103\">Una (1) pistola de plasma con base <strong>[Deluxe Bonus]<\/strong><\/p>\n<\/li>\n<\/ul>\n<p>&nbsp;<\/p>\n","protected":false},"featured_media":8339,"template":"","meta":[],"product_brand":[],"product_cat":[1948,153,156,1949],"product_tag":[1951,1953,1952,901,1954,951,1956,1955,1188,1950],"class_list":{"0":"post-8338","1":"product","2":"type-product","3":"status-publish","4":"has-post-thumbnail","6":"product_cat-alien-vs-predator","7":"product_cat-peliculas","8":"product_cat-predator","9":"product_cat-wolf-predator","10":"product_tag-alien-vs-predator","11":"product_tag-avp-requiem","12":"product_tag-estatua-resina-1-3","13":"product_tag-figura-coleccionista","14":"product_tag-figura-prime-1","15":"product_tag-figuras-premium","16":"product_tag-licencias-oficiales","17":"product_tag-predator-estatua","18":"product_tag-prime-1-studio","19":"product_tag-wolf-predator","20":"pa_altura-mas-90cm","21":"pa_escala-1_3","22":"pa_estado-preorder","23":"pa_estudio-prime-1-studio","24":"pa_tipo-estatua-con-licencia","26":"first","27":"instock","28":"sale","29":"purchasable","30":"product-type-variable"},"yoast_head":"<!-- This site is optimized with the Yoast SEO plugin v27.3 - https:\/\/yoast.com\/product\/yoast-seo-wordpress\/ -->\n<title>Wolf Predator 1\/3 Prime 1 Studio \u2013 Estatua de resina con licencia de Alien vs Predator: Requiem<\/title>\n<meta name=\"description\" content=\"Descubre la impresionante estatua de resina 1\/3 de Wolf Predator por Prime 1 Studio, basada en Alien vs Predator: Requiem. Detallada, licenciada y perfecta para coleccionistas exigentes.\" \/>\n<meta name=\"robots\" content=\"index, follow, max-snippet:-1, max-image-preview:large, max-video-preview:-1\" \/>\n<link rel=\"canonical\" href=\"https:\/\/yardratshop.com\/eng\/product\/prime-1-studio-alien-vs-predator-requiem-wolf-predator\/\" \/>\n<meta property=\"og:locale\" content=\"en_US\" \/>\n<meta property=\"og:type\" content=\"article\" \/>\n<meta property=\"og:title\" content=\"Wolf Predator 1\/3 Prime 1 Studio \u2013 Estatua de resina con licencia de Alien vs Predator: Requiem\" \/>\n<meta property=\"og:description\" content=\"Descubre la impresionante estatua de resina 1\/3 de Wolf Predator por Prime 1 Studio, basada en Alien vs Predator: Requiem. Detallada, licenciada y perfecta para coleccionistas exigentes.\" \/>\n<meta property=\"og:url\" content=\"https:\/\/yardratshop.com\/eng\/product\/prime-1-studio-alien-vs-predator-requiem-wolf-predator\/\" \/>\n<meta property=\"og:site_name\" content=\"Yardrat Shop\" \/>\n<meta property=\"article:modified_time\" content=\"2025-12-18T23:45:06+00:00\" \/>\n<meta property=\"og:image\" content=\"https:\/\/yardratshop.com\/wp-content\/uploads\/2025\/04\/11_REMAVP-01_1209x807_PDP_main_PC.jpg\" \/>\n\t<meta property=\"og:image:width\" content=\"1209\" \/>\n\t<meta property=\"og:image:height\" content=\"807\" \/>\n\t<meta property=\"og:image:type\" content=\"image\/jpeg\" \/>\n<meta name=\"twitter:card\" content=\"summary_large_image\" \/>\n<meta name=\"twitter:label1\" content=\"Est. reading time\" \/>\n\t<meta name=\"twitter:data1\" content=\"1 minute\" \/>\n<script type=\"application\/ld+json\" class=\"yoast-schema-graph\">{\"@context\":\"https:\\\/\\\/schema.org\",\"@graph\":[{\"@type\":\"WebPage\",\"@id\":\"https:\\\/\\\/yardratshop.com\\\/producto\\\/prime-1-studio-alien-vs-predator-requiem-wolf-predator\\\/\",\"url\":\"https:\\\/\\\/yardratshop.com\\\/producto\\\/prime-1-studio-alien-vs-predator-requiem-wolf-predator\\\/\",\"name\":\"Wolf Predator 1\\\/3 Prime 1 Studio \u2013 Estatua de resina con licencia de Alien vs Predator: Requiem\",\"isPartOf\":{\"@id\":\"https:\\\/\\\/yardratshop.com\\\/#website\"},\"primaryImageOfPage\":{\"@id\":\"https:\\\/\\\/yardratshop.com\\\/producto\\\/prime-1-studio-alien-vs-predator-requiem-wolf-predator\\\/#primaryimage\"},\"image\":{\"@id\":\"https:\\\/\\\/yardratshop.com\\\/producto\\\/prime-1-studio-alien-vs-predator-requiem-wolf-predator\\\/#primaryimage\"},\"thumbnailUrl\":\"https:\\\/\\\/yardratshop.com\\\/wp-content\\\/uploads\\\/2025\\\/04\\\/11_REMAVP-01_1209x807_PDP_main_PC.jpg\",\"datePublished\":\"2025-04-24T18:20:16+00:00\",\"dateModified\":\"2025-12-18T23:45:06+00:00\",\"description\":\"Descubre la impresionante estatua de resina 1\\\/3 de Wolf Predator por Prime 1 Studio, basada en Alien vs Predator: Requiem. Detallada, licenciada y perfecta para coleccionistas exigentes.\",\"breadcrumb\":{\"@id\":\"https:\\\/\\\/yardratshop.com\\\/producto\\\/prime-1-studio-alien-vs-predator-requiem-wolf-predator\\\/#breadcrumb\"},\"inLanguage\":\"en-US\",\"potentialAction\":[{\"@type\":\"ReadAction\",\"target\":[\"https:\\\/\\\/yardratshop.com\\\/producto\\\/prime-1-studio-alien-vs-predator-requiem-wolf-predator\\\/\"]}]},{\"@type\":\"ImageObject\",\"inLanguage\":\"en-US\",\"@id\":\"https:\\\/\\\/yardratshop.com\\\/producto\\\/prime-1-studio-alien-vs-predator-requiem-wolf-predator\\\/#primaryimage\",\"url\":\"https:\\\/\\\/yardratshop.com\\\/wp-content\\\/uploads\\\/2025\\\/04\\\/11_REMAVP-01_1209x807_PDP_main_PC.jpg\",\"contentUrl\":\"https:\\\/\\\/yardratshop.com\\\/wp-content\\\/uploads\\\/2025\\\/04\\\/11_REMAVP-01_1209x807_PDP_main_PC.jpg\",\"width\":1209,\"height\":807,\"caption\":\"11 REMAVP 01 1209x807 PDP main PC\"},{\"@type\":\"BreadcrumbList\",\"@id\":\"https:\\\/\\\/yardratshop.com\\\/producto\\\/prime-1-studio-alien-vs-predator-requiem-wolf-predator\\\/#breadcrumb\",\"itemListElement\":[{\"@type\":\"ListItem\",\"position\":1,\"name\":\"Portada\",\"item\":\"https:\\\/\\\/yardratshop.com\\\/\"},{\"@type\":\"ListItem\",\"position\":2,\"name\":\"Tienda\",\"item\":\"https:\\\/\\\/yardratshop.com\\\/tienda\\\/\"},{\"@type\":\"ListItem\",\"position\":3,\"name\":\"Prime 1 Studio &#8211; Alien vs Predator: Requiem &#8211; Wolf Predator\"}]},{\"@type\":\"WebSite\",\"@id\":\"https:\\\/\\\/yardratshop.com\\\/#website\",\"url\":\"https:\\\/\\\/yardratshop.com\\\/\",\"name\":\"Yardrat Shop\",\"description\":\"Tu tienda exclusiva de figuras y estatuas\",\"potentialAction\":[{\"@type\":\"SearchAction\",\"target\":{\"@type\":\"EntryPoint\",\"urlTemplate\":\"https:\\\/\\\/yardratshop.com\\\/?s={search_term_string}\"},\"query-input\":{\"@type\":\"PropertyValueSpecification\",\"valueRequired\":true,\"valueName\":\"search_term_string\"}}],\"inLanguage\":\"en-US\"}]}<\/script>\n<!-- \/ Yoast SEO plugin. -->","yoast_head_json":{"title":"Wolf Predator 1\/3 Prime 1 Studio \u2013 Estatua de resina con licencia de Alien vs Predator: Requiem","description":"Descubre la impresionante estatua de resina 1\/3 de Wolf Predator por Prime 1 Studio, basada en Alien vs Predator: Requiem. Detallada, licenciada y perfecta para coleccionistas exigentes.","robots":{"index":"index","follow":"follow","max-snippet":"max-snippet:-1","max-image-preview":"max-image-preview:large","max-video-preview":"max-video-preview:-1"},"canonical":"https:\/\/yardratshop.com\/eng\/product\/prime-1-studio-alien-vs-predator-requiem-wolf-predator\/","og_locale":"en_US","og_type":"article","og_title":"Wolf Predator 1\/3 Prime 1 Studio \u2013 Estatua de resina con licencia de Alien vs Predator: Requiem","og_description":"Descubre la impresionante estatua de resina 1\/3 de Wolf Predator por Prime 1 Studio, basada en Alien vs Predator: Requiem. Detallada, licenciada y perfecta para coleccionistas exigentes.","og_url":"https:\/\/yardratshop.com\/eng\/product\/prime-1-studio-alien-vs-predator-requiem-wolf-predator\/","og_site_name":"Yardrat Shop","article_modified_time":"2025-12-18T23:45:06+00:00","og_image":[{"width":1209,"height":807,"url":"https:\/\/yardratshop.com\/wp-content\/uploads\/2025\/04\/11_REMAVP-01_1209x807_PDP_main_PC.jpg","type":"image\/jpeg"}],"twitter_card":"summary_large_image","twitter_misc":{"Est. reading time":"1 minute"},"schema":{"@context":"https:\/\/schema.org","@graph":[{"@type":"WebPage","@id":"https:\/\/yardratshop.com\/producto\/prime-1-studio-alien-vs-predator-requiem-wolf-predator\/","url":"https:\/\/yardratshop.com\/producto\/prime-1-studio-alien-vs-predator-requiem-wolf-predator\/","name":"Wolf Predator 1\/3 Prime 1 Studio \u2013 Estatua de resina con licencia de Alien vs Predator: Requiem","isPartOf":{"@id":"https:\/\/yardratshop.com\/#website"},"primaryImageOfPage":{"@id":"https:\/\/yardratshop.com\/producto\/prime-1-studio-alien-vs-predator-requiem-wolf-predator\/#primaryimage"},"image":{"@id":"https:\/\/yardratshop.com\/producto\/prime-1-studio-alien-vs-predator-requiem-wolf-predator\/#primaryimage"},"thumbnailUrl":"https:\/\/yardratshop.com\/wp-content\/uploads\/2025\/04\/11_REMAVP-01_1209x807_PDP_main_PC.jpg","datePublished":"2025-04-24T18:20:16+00:00","dateModified":"2025-12-18T23:45:06+00:00","description":"Descubre la impresionante estatua de resina 1\/3 de Wolf Predator por Prime 1 Studio, basada en Alien vs Predator: Requiem. Detallada, licenciada y perfecta para coleccionistas exigentes.","breadcrumb":{"@id":"https:\/\/yardratshop.com\/producto\/prime-1-studio-alien-vs-predator-requiem-wolf-predator\/#breadcrumb"},"inLanguage":"en-US","potentialAction":[{"@type":"ReadAction","target":["https:\/\/yardratshop.com\/producto\/prime-1-studio-alien-vs-predator-requiem-wolf-predator\/"]}]},{"@type":"ImageObject","inLanguage":"en-US","@id":"https:\/\/yardratshop.com\/producto\/prime-1-studio-alien-vs-predator-requiem-wolf-predator\/#primaryimage","url":"https:\/\/yardratshop.com\/wp-content\/uploads\/2025\/04\/11_REMAVP-01_1209x807_PDP_main_PC.jpg","contentUrl":"https:\/\/yardratshop.com\/wp-content\/uploads\/2025\/04\/11_REMAVP-01_1209x807_PDP_main_PC.jpg","width":1209,"height":807,"caption":"11 REMAVP 01 1209x807 PDP main PC"},{"@type":"BreadcrumbList","@id":"https:\/\/yardratshop.com\/producto\/prime-1-studio-alien-vs-predator-requiem-wolf-predator\/#breadcrumb","itemListElement":[{"@type":"ListItem","position":1,"name":"Portada","item":"https:\/\/yardratshop.com\/"},{"@type":"ListItem","position":2,"name":"Tienda","item":"https:\/\/yardratshop.com\/tienda\/"},{"@type":"ListItem","position":3,"name":"Prime 1 Studio &#8211; Alien vs Predator: Requiem &#8211; Wolf Predator"}]},{"@type":"WebSite","@id":"https:\/\/yardratshop.com\/#website","url":"https:\/\/yardratshop.com\/","name":"Yardrat Shop","description":"Tu tienda exclusiva de figuras y estatuas","potentialAction":[{"@type":"SearchAction","target":{"@type":"EntryPoint","urlTemplate":"https:\/\/yardratshop.com\/?s={search_term_string}"},"query-input":{"@type":"PropertyValueSpecification","valueRequired":true,"valueName":"search_term_string"}}],"inLanguage":"en-US"}]}},"_links":{"self":[{"href":"https:\/\/yardratshop.com\/eng\/wp-json\/wp\/v2\/product\/8338","targetHints":{"allow":["GET"]}}],"collection":[{"href":"https:\/\/yardratshop.com\/eng\/wp-json\/wp\/v2\/product"}],"about":[{"href":"https:\/\/yardratshop.com\/eng\/wp-json\/wp\/v2\/types\/product"}],"version-history":[{"count":1,"href":"https:\/\/yardratshop.com\/eng\/wp-json\/wp\/v2\/product\/8338\/revisions"}],"predecessor-version":[{"id":8358,"href":"https:\/\/yardratshop.com\/eng\/wp-json\/wp\/v2\/product\/8338\/revisions\/8358"}],"wp:featuredmedia":[{"embeddable":true,"href":"https:\/\/yardratshop.com\/eng\/wp-json\/wp\/v2\/media\/8339"}],"wp:attachment":[{"href":"https:\/\/yardratshop.com\/eng\/wp-json\/wp\/v2\/media?parent=8338"}],"wp:term":[{"taxonomy":"product_brand","embeddable":true,"href":"https:\/\/yardratshop.com\/eng\/wp-json\/wp\/v2\/product_brand?post=8338"},{"taxonomy":"product_cat","embeddable":true,"href":"https:\/\/yardratshop.com\/eng\/wp-json\/wp\/v2\/product_cat?post=8338"},{"taxonomy":"product_tag","embeddable":true,"href":"https:\/\/yardratshop.com\/eng\/wp-json\/wp\/v2\/product_tag?post=8338"}],"curies":[{"name":"wp","href":"https:\/\/api.w.org\/{rel}","templated":true}]}}