{"id":9326,"date":"2025-05-07T01:35:48","date_gmt":"2025-05-06T23:35:48","guid":{"rendered":"https:\/\/yardratshop.com\/?post_type=product&#038;p=9326"},"modified":"2025-12-19T00:43:26","modified_gmt":"2025-12-18T23:43:26","slug":"beidou-studio-first-of-the-north-star-raoh","status":"publish","type":"product","link":"https:\/\/yardratshop.com\/eng\/product\/beidou-studio-first-of-the-north-star-raoh\/","title":{"rendered":"Beidou Studio &#8211; First of the North Star &#8211; Raoh"},"content":{"rendered":"","protected":false},"excerpt":{"rendered":"<p><strong>Medidas: <\/strong>H43.7 x W35.1 x D31.1cm<br \/>\n<strong>Material:\u00a0<\/strong>Resin+PU<br \/>\n<strong>Fecha de entrega:\u00a0<\/strong>Q3 2025<\/p>\n<p>Incluye dos cabezas intercambiables<\/p>","protected":false},"featured_media":9331,"template":"","meta":[],"product_brand":[],"product_cat":[80,2207,2208],"product_tag":[2214,2211,2216,868,1469,901,2212,2213,2210,2215],"class_list":{"0":"post-9326","1":"product","2":"type-product","3":"status-publish","4":"has-post-thumbnail","6":"product_cat-anime","7":"product_cat-first-of-the-north-star","8":"product_cat-raoh","9":"product_tag-anime-clasico","10":"product_tag-beidou-studio","11":"product_tag-coleccion-manga","12":"product_tag-estatua-de-resina","13":"product_tag-figura-1-6","14":"product_tag-figura-coleccionista","15":"product_tag-first-of-the-north-star","16":"product_tag-hokuto-no-ken","17":"product_tag-raoh","18":"product_tag-raoh-estatua","19":"pa_altura-36-45cm","20":"pa_escala-escala_1_6","21":"pa_estado-preorder","22":"pa_estudio-beidou","23":"pa_tipo-estatua-de-resina","25":"first","26":"outofstock","27":"purchasable","28":"product-type-simple"},"yoast_head":"<!-- This site is optimized with the Yoast SEO plugin v27.6 - https:\/\/yoast.com\/product\/yoast-seo-wordpress\/ -->\n<title>Beidou Studio Raoh Estatua 1\/6 \u2013 First of the North Star | Figura de Resina de Colecci\u00f3n<\/title>\n<meta name=\"description\" content=\"Descubre la estatua de resina 1\/6 de Raoh de Beidou Studio, inspirada en First of the North Star. Detalles incre\u00edbles, edici\u00f3n limitada para aut\u00e9nticos coleccionistas.\" \/>\n<meta name=\"robots\" content=\"index, follow, max-snippet:-1, max-image-preview:large, max-video-preview:-1\" \/>\n<link rel=\"canonical\" href=\"https:\/\/yardratshop.com\/eng\/product\/beidou-studio-first-of-the-north-star-raoh\/\" \/>\n<meta property=\"og:locale\" content=\"en_US\" \/>\n<meta property=\"og:type\" content=\"article\" \/>\n<meta property=\"og:title\" content=\"Beidou Studio Raoh Estatua 1\/6 \u2013 First of the North Star | Figura de Resina de Colecci\u00f3n\" \/>\n<meta property=\"og:description\" content=\"Descubre la estatua de resina 1\/6 de Raoh de Beidou Studio, inspirada en First of the North Star. Detalles incre\u00edbles, edici\u00f3n limitada para aut\u00e9nticos coleccionistas.\" \/>\n<meta property=\"og:url\" content=\"https:\/\/yardratshop.com\/eng\/product\/beidou-studio-first-of-the-north-star-raoh\/\" \/>\n<meta property=\"og:site_name\" content=\"Yardrat Shop\" \/>\n<meta property=\"article:modified_time\" content=\"2025-12-18T23:43:26+00:00\" \/>\n<meta property=\"og:image\" content=\"https:\/\/yardratshop.com\/wp-content\/uploads\/2025\/05\/508560354959c6aec81a515f4beb862a.jpg\" \/>\n\t<meta property=\"og:image:width\" content=\"1413\" \/>\n\t<meta property=\"og:image:height\" content=\"2000\" \/>\n\t<meta property=\"og:image:type\" content=\"image\/jpeg\" \/>\n<meta name=\"twitter:card\" content=\"summary_large_image\" \/>\n<meta name=\"twitter:label1\" content=\"Est. reading time\" \/>\n\t<meta name=\"twitter:data1\" content=\"1 minute\" \/>\n<script type=\"application\/ld+json\" class=\"yoast-schema-graph\">{\"@context\":\"https:\\\/\\\/schema.org\",\"@graph\":[{\"@type\":\"WebPage\",\"@id\":\"https:\\\/\\\/yardratshop.com\\\/producto\\\/beidou-studio-first-of-the-north-star-raoh\\\/\",\"url\":\"https:\\\/\\\/yardratshop.com\\\/producto\\\/beidou-studio-first-of-the-north-star-raoh\\\/\",\"name\":\"Beidou Studio Raoh Estatua 1\\\/6 \u2013 First of the North Star | Figura de Resina de Colecci\u00f3n\",\"isPartOf\":{\"@id\":\"https:\\\/\\\/yardratshop.com\\\/#website\"},\"primaryImageOfPage\":{\"@id\":\"https:\\\/\\\/yardratshop.com\\\/producto\\\/beidou-studio-first-of-the-north-star-raoh\\\/#primaryimage\"},\"image\":{\"@id\":\"https:\\\/\\\/yardratshop.com\\\/producto\\\/beidou-studio-first-of-the-north-star-raoh\\\/#primaryimage\"},\"thumbnailUrl\":\"https:\\\/\\\/yardratshop.com\\\/wp-content\\\/uploads\\\/2025\\\/05\\\/508560354959c6aec81a515f4beb862a.jpg\",\"datePublished\":\"2025-05-06T23:35:48+00:00\",\"dateModified\":\"2025-12-18T23:43:26+00:00\",\"description\":\"Descubre la estatua de resina 1\\\/6 de Raoh de Beidou Studio, inspirada en First of the North Star. Detalles incre\u00edbles, edici\u00f3n limitada para aut\u00e9nticos coleccionistas.\",\"breadcrumb\":{\"@id\":\"https:\\\/\\\/yardratshop.com\\\/producto\\\/beidou-studio-first-of-the-north-star-raoh\\\/#breadcrumb\"},\"inLanguage\":\"en-US\",\"potentialAction\":[{\"@type\":\"ReadAction\",\"target\":[\"https:\\\/\\\/yardratshop.com\\\/producto\\\/beidou-studio-first-of-the-north-star-raoh\\\/\"]}]},{\"@type\":\"ImageObject\",\"inLanguage\":\"en-US\",\"@id\":\"https:\\\/\\\/yardratshop.com\\\/producto\\\/beidou-studio-first-of-the-north-star-raoh\\\/#primaryimage\",\"url\":\"https:\\\/\\\/yardratshop.com\\\/wp-content\\\/uploads\\\/2025\\\/05\\\/508560354959c6aec81a515f4beb862a.jpg\",\"contentUrl\":\"https:\\\/\\\/yardratshop.com\\\/wp-content\\\/uploads\\\/2025\\\/05\\\/508560354959c6aec81a515f4beb862a.jpg\",\"width\":1413,\"height\":2000,\"caption\":\"508560354959c6aec81a515f4beb862a\"},{\"@type\":\"BreadcrumbList\",\"@id\":\"https:\\\/\\\/yardratshop.com\\\/producto\\\/beidou-studio-first-of-the-north-star-raoh\\\/#breadcrumb\",\"itemListElement\":[{\"@type\":\"ListItem\",\"position\":1,\"name\":\"Portada\",\"item\":\"https:\\\/\\\/yardratshop.com\\\/\"},{\"@type\":\"ListItem\",\"position\":2,\"name\":\"Tienda\",\"item\":\"https:\\\/\\\/yardratshop.com\\\/tienda\\\/\"},{\"@type\":\"ListItem\",\"position\":3,\"name\":\"Beidou Studio &#8211; First of the North Star &#8211; Raoh\"}]},{\"@type\":\"WebSite\",\"@id\":\"https:\\\/\\\/yardratshop.com\\\/#website\",\"url\":\"https:\\\/\\\/yardratshop.com\\\/\",\"name\":\"Yardrat Shop\",\"description\":\"Tu tienda exclusiva de figuras y estatuas\",\"potentialAction\":[{\"@type\":\"SearchAction\",\"target\":{\"@type\":\"EntryPoint\",\"urlTemplate\":\"https:\\\/\\\/yardratshop.com\\\/?s={search_term_string}\"},\"query-input\":{\"@type\":\"PropertyValueSpecification\",\"valueRequired\":true,\"valueName\":\"search_term_string\"}}],\"inLanguage\":\"en-US\"}]}<\/script>\n<!-- \/ Yoast SEO plugin. -->","yoast_head_json":{"title":"Beidou Studio Raoh Estatua 1\/6 \u2013 First of the North Star | Figura de Resina de Colecci\u00f3n","description":"Descubre la estatua de resina 1\/6 de Raoh de Beidou Studio, inspirada en First of the North Star. Detalles incre\u00edbles, edici\u00f3n limitada para aut\u00e9nticos coleccionistas.","robots":{"index":"index","follow":"follow","max-snippet":"max-snippet:-1","max-image-preview":"max-image-preview:large","max-video-preview":"max-video-preview:-1"},"canonical":"https:\/\/yardratshop.com\/eng\/product\/beidou-studio-first-of-the-north-star-raoh\/","og_locale":"en_US","og_type":"article","og_title":"Beidou Studio Raoh Estatua 1\/6 \u2013 First of the North Star | Figura de Resina de Colecci\u00f3n","og_description":"Descubre la estatua de resina 1\/6 de Raoh de Beidou Studio, inspirada en First of the North Star. Detalles incre\u00edbles, edici\u00f3n limitada para aut\u00e9nticos coleccionistas.","og_url":"https:\/\/yardratshop.com\/eng\/product\/beidou-studio-first-of-the-north-star-raoh\/","og_site_name":"Yardrat Shop","article_modified_time":"2025-12-18T23:43:26+00:00","og_image":[{"width":1413,"height":2000,"url":"https:\/\/yardratshop.com\/wp-content\/uploads\/2025\/05\/508560354959c6aec81a515f4beb862a.jpg","type":"image\/jpeg"}],"twitter_card":"summary_large_image","twitter_misc":{"Est. reading time":"1 minute"},"schema":{"@context":"https:\/\/schema.org","@graph":[{"@type":"WebPage","@id":"https:\/\/yardratshop.com\/producto\/beidou-studio-first-of-the-north-star-raoh\/","url":"https:\/\/yardratshop.com\/producto\/beidou-studio-first-of-the-north-star-raoh\/","name":"Beidou Studio Raoh Estatua 1\/6 \u2013 First of the North Star | Figura de Resina de Colecci\u00f3n","isPartOf":{"@id":"https:\/\/yardratshop.com\/#website"},"primaryImageOfPage":{"@id":"https:\/\/yardratshop.com\/producto\/beidou-studio-first-of-the-north-star-raoh\/#primaryimage"},"image":{"@id":"https:\/\/yardratshop.com\/producto\/beidou-studio-first-of-the-north-star-raoh\/#primaryimage"},"thumbnailUrl":"https:\/\/yardratshop.com\/wp-content\/uploads\/2025\/05\/508560354959c6aec81a515f4beb862a.jpg","datePublished":"2025-05-06T23:35:48+00:00","dateModified":"2025-12-18T23:43:26+00:00","description":"Descubre la estatua de resina 1\/6 de Raoh de Beidou Studio, inspirada en First of the North Star. Detalles incre\u00edbles, edici\u00f3n limitada para aut\u00e9nticos coleccionistas.","breadcrumb":{"@id":"https:\/\/yardratshop.com\/producto\/beidou-studio-first-of-the-north-star-raoh\/#breadcrumb"},"inLanguage":"en-US","potentialAction":[{"@type":"ReadAction","target":["https:\/\/yardratshop.com\/producto\/beidou-studio-first-of-the-north-star-raoh\/"]}]},{"@type":"ImageObject","inLanguage":"en-US","@id":"https:\/\/yardratshop.com\/producto\/beidou-studio-first-of-the-north-star-raoh\/#primaryimage","url":"https:\/\/yardratshop.com\/wp-content\/uploads\/2025\/05\/508560354959c6aec81a515f4beb862a.jpg","contentUrl":"https:\/\/yardratshop.com\/wp-content\/uploads\/2025\/05\/508560354959c6aec81a515f4beb862a.jpg","width":1413,"height":2000,"caption":"508560354959c6aec81a515f4beb862a"},{"@type":"BreadcrumbList","@id":"https:\/\/yardratshop.com\/producto\/beidou-studio-first-of-the-north-star-raoh\/#breadcrumb","itemListElement":[{"@type":"ListItem","position":1,"name":"Portada","item":"https:\/\/yardratshop.com\/"},{"@type":"ListItem","position":2,"name":"Tienda","item":"https:\/\/yardratshop.com\/tienda\/"},{"@type":"ListItem","position":3,"name":"Beidou Studio &#8211; First of the North Star &#8211; Raoh"}]},{"@type":"WebSite","@id":"https:\/\/yardratshop.com\/#website","url":"https:\/\/yardratshop.com\/","name":"Yardrat Shop","description":"Tu tienda exclusiva de figuras y estatuas","potentialAction":[{"@type":"SearchAction","target":{"@type":"EntryPoint","urlTemplate":"https:\/\/yardratshop.com\/?s={search_term_string}"},"query-input":{"@type":"PropertyValueSpecification","valueRequired":true,"valueName":"search_term_string"}}],"inLanguage":"en-US"}]}},"_links":{"self":[{"href":"https:\/\/yardratshop.com\/eng\/wp-json\/wp\/v2\/product\/9326","targetHints":{"allow":["GET"]}}],"collection":[{"href":"https:\/\/yardratshop.com\/eng\/wp-json\/wp\/v2\/product"}],"about":[{"href":"https:\/\/yardratshop.com\/eng\/wp-json\/wp\/v2\/types\/product"}],"version-history":[{"count":1,"href":"https:\/\/yardratshop.com\/eng\/wp-json\/wp\/v2\/product\/9326\/revisions"}],"predecessor-version":[{"id":9332,"href":"https:\/\/yardratshop.com\/eng\/wp-json\/wp\/v2\/product\/9326\/revisions\/9332"}],"wp:featuredmedia":[{"embeddable":true,"href":"https:\/\/yardratshop.com\/eng\/wp-json\/wp\/v2\/media\/9331"}],"wp:attachment":[{"href":"https:\/\/yardratshop.com\/eng\/wp-json\/wp\/v2\/media?parent=9326"}],"wp:term":[{"taxonomy":"product_brand","embeddable":true,"href":"https:\/\/yardratshop.com\/eng\/wp-json\/wp\/v2\/product_brand?post=9326"},{"taxonomy":"product_cat","embeddable":true,"href":"https:\/\/yardratshop.com\/eng\/wp-json\/wp\/v2\/product_cat?post=9326"},{"taxonomy":"product_tag","embeddable":true,"href":"https:\/\/yardratshop.com\/eng\/wp-json\/wp\/v2\/product_tag?post=9326"}],"curies":[{"name":"wp","href":"https:\/\/api.w.org\/{rel}","templated":true}]}}